Last updated on 2025-11-19 05:48:33 CET.
| Flavor | Version | Tinstall | Tcheck | Ttotal | Status | Flags |
|---|---|---|---|---|---|---|
| r-devel-linux-x86_64-debian-clang | 1.2.4 | 17.28 | 88.31 | 105.59 | NOTE | |
| r-devel-linux-x86_64-debian-gcc | 1.2.4 | 11.53 | 62.55 | 74.08 | NOTE | |
| r-devel-linux-x86_64-fedora-clang | 1.2.4 | 79.00 | 93.26 | 172.26 | NOTE | |
| r-devel-linux-x86_64-fedora-gcc | 1.2.4 | 76.00 | 94.50 | 170.50 | NOTE | |
| r-devel-windows-x86_64 | 1.2.4 | 23.00 | 93.00 | 116.00 | OK | |
| r-patched-linux-x86_64 | 1.2.4 | 16.53 | 82.25 | 98.78 | OK | |
| r-release-linux-x86_64 | 1.2.4 | 14.41 | 82.74 | 97.15 | OK | |
| r-release-macos-arm64 | 1.2.4 | 8.00 | 34.00 | 42.00 | OK | |
| r-release-macos-x86_64 | 1.2.4 | 14.00 | 123.00 | 137.00 | OK | |
| r-release-windows-x86_64 | 1.2.4 | 17.00 | 96.00 | 113.00 | OK | |
| r-oldrel-macos-arm64 | 1.2.4 | 7.00 | 40.00 | 47.00 | OK | |
| r-oldrel-macos-x86_64 | 1.2.4 | 14.00 | 77.00 | 91.00 | OK | |
| r-oldrel-windows-x86_64 | 1.2.4 | 25.00 | 116.00 | 141.00 | OK |
Version: 1.2.4
Check: HTML version of manual
Result: NOTE
Found the following HTML validation problems:
covatest.html:816:1 (covaprop-class.Rd:35): Warning: <script> anchor "MathJax-script" already defined
covatest.html:1782:1 (sepindex-class.Rd:52): Warning: <script> anchor "MathJax-script" already defined
Flavors: r-devel-linux-x86_64-debian-clang, r-devel-linux-x86_64-debian-gcc, r-devel-linux-x86_64-fedora-clang, r-devel-linux-x86_64-fedora-gcc
Version: 1.2.4
Check: dependencies in R code
Result: NOTE
Namespace in Imports field not imported from: ‘gstat’
All declared Imports should be used.
Flavors: r-devel-linux-x86_64-fedora-clang, r-devel-linux-x86_64-fedora-gcc
These binaries (installable software) and packages are in development.
They may not be fully stable and should be used with caution. We make no claims about them.
Health stats visible at Monitor.