Last updated on 2025-10-20 21:50:21 CEST.
Flavor | Version | Tinstall | Tcheck | Ttotal | Status | Flags |
---|---|---|---|---|---|---|
r-devel-linux-x86_64-debian-clang | 0.8.0 | 14.75 | 91.47 | 106.22 | OK | |
r-devel-linux-x86_64-debian-gcc | 0.8.0 | 8.46 | 63.43 | 71.89 | NOTE | |
r-devel-linux-x86_64-fedora-clang | 0.8.0 | 115.88 | OK | |||
r-devel-linux-x86_64-fedora-gcc | 0.8.0 | 159.06 | OK | |||
r-devel-windows-x86_64 | 0.8.0 | 16.00 | 117.00 | 133.00 | OK | |
r-patched-linux-x86_64 | 0.8.0 | 17.53 | 84.99 | 102.52 | OK | |
r-release-linux-x86_64 | 0.8.0 | 13.22 | 84.76 | 97.98 | OK | |
r-release-macos-arm64 | 0.8.0 | 54.00 | OK | |||
r-release-macos-x86_64 | 0.8.0 | 94.00 | OK | |||
r-release-windows-x86_64 | 0.8.0 | 18.00 | 118.00 | 136.00 | OK | |
r-oldrel-macos-arm64 | 0.8.0 | 51.00 | OK | |||
r-oldrel-macos-x86_64 | 0.8.0 | 105.00 | OK | |||
r-oldrel-windows-x86_64 | 0.8.0 | 22.00 | 136.00 | 158.00 | OK |
Version: 0.8.0
Check: HTML version of manual
Result: NOTE
Found the following HTML validation problems:
Bundle.html:108:1 (Bundle.Rd:66): Warning: <h5> anchor "Usage" already defined
Bundle.html:114:1 (Bundle.Rd:70): Warning: <h5> anchor "Arguments" already defined
Bundle.html:137:1 (Bundle.Rd:83): Warning: <h5> anchor "Usage" already defined
Bundle.html:143:1 (Bundle.Rd:87): Warning: <h5> anchor "Arguments" already defined
Content.html:213:1 (Content.Rd:108): Warning: <h5> anchor "Usage" already defined
Content.html:229:1 (Content.Rd:118): Warning: <h5> anchor "Usage" already defined
Content.html:245:1 (Content.Rd:128): Warning: <h5> anchor "Usage" already defined
Content.html:261:1 (Content.Rd:138): Warning: <h5> anchor "Usage" already defined
Content.html:277:1 (Content.Rd:148): Warning: <h5> anchor "Usage" already defined
Content.html:287:1 (Content.Rd:156): Warning: <h5> anchor "Arguments" already defined
Content.html:314:1 (Content.Rd:173): Warning: <h5> anchor "Usage" already defined
Content.html:320:1 (Content.Rd:177): Warning: <h5> anchor "Arguments" already defined
Content.html:343:1 (Content.Rd:190): Warning: <h5> anchor "Usage" already defined
Content.html:359:1 (Content.Rd:200): Warning: <h5> anchor "Usage" already defined
Content.html:365:1 (Content.Rd:204): Warning: <h5> anchor "Arguments" already defined
Content.html:388:1 (Content.Rd:217): Warning: <h5> anchor "Usage" already defined
Content.html:404:1 (Content.Rd:227): Warning: <h5> anchor "Usage" already defined
Content.html:420:1 (Content.Rd:237): Warning: <h5> anchor "Usage" already defined
Content.html:426:1 (Content.Rd:241): Warning: <h5> anchor "Arguments" already defined
Content.html:449:1 (Content.Rd:254): Warning: <h5> anchor "Usage" already defined
Content.html:465:1 (Content.Rd:264): Warning: <h5> anchor "Usage" already defined
Content.html:471:1 (Content.Rd:268): Warning: <h5> anchor "Arguments" already defined
Content.html:494:1 (Content.Rd:281): Warning: <h5> anchor "Usage" already defined
Content.html:500:1 (Content.Rd:285): Warning: <h5> anchor "Arguments" already defined
Content.html:523:1 (Content.Rd:298): Warning: <h5> anchor "Usage" already defined
Content.html:539:1 (Content.Rd:308): Warning: <h5> anchor "Usage" already defined
Content.html:545:1 (Content.Rd:312): Warning: <h5> anchor "Arguments" already defined
Content.html:568:1 (Content.Rd:325): Warning: <h5> anchor "Usage" already defined
Content.html:574:1 (Content.Rd:329): Warning: <h5> anchor "Arguments" already defined
Content.html:597:1 (Content.Rd:342): Warning: <h5> anchor "Usage" already defined
Content.html:613:1 (Content.Rd:352): Warning: <h5> anchor "Usage" already defined
Content.html:619:1 (Content.Rd:356): Warning: <h5> anchor "Arguments" already defined
Content.html:646:1 (Content.Rd:373): Warning: <h5> anchor "Usage" already defined
Content.html:652:1 (Content.Rd:377): Warning: <h5> anchor "Arguments" already defined
Content.html:681:1 (Content.Rd:396): Warning: <h5> anchor "Usage" already defined
Content.html:687:1 (Content.Rd:400): Warning: <h5> anchor "Arguments" already defined
Content.html:710:1 (Content.Rd:413): Warning: <h5> anchor "Usage" already defined
Content.html:716:1 (Content.Rd:417): Warning: <h5> anchor "Arguments" already defined
Content.html:741:1 (Content.Rd:432): Warning: <h5> anchor "Usage" already defined
Content.html:757:1 (Content.Rd:442): Warning: <h5> anchor "Usage" already defined
Content.html:763:1 (Content.Rd:446): Warning: <h5> anchor "Arguments" already defined
Content.html:787:1 (Content.Rd:460): Warning: <h5> anchor "Usage" already defined
Content.html:793:1 (Content.Rd:464): Warning: <h5> anchor "Arguments" already defined
Content.html:816:1 (Content.Rd:477): Warning: <h5> anchor "Usage" already defined
Content.html:822:1 (Content.Rd:481): Warning: <h5> anchor "Arguments" already defined
Content.html:845:1 (Content.Rd:494): Warning: <h5> anchor "Usage" already defined
Content.html:851:1 (Content.Rd:498): Warning: <h5> anchor "Arguments" already defined
Content.html:874:1 (Content.Rd:511): Warning: <h5> anchor "Usage" already defined
Content.html:880:1 (Content.Rd:515): Warning: <h5> anchor "Arguments" already defined
Content.html:907:1 (Content.Rd:532): Warning: <h5> anchor "Usage" already defined
Content.html:923:1 (Content.Rd:542): Warning: <h5> anchor "Usage" already defined
Content.html:929:1 (Content.Rd:546): Warning: <h5> anchor "Arguments" already defined
Content.html:952:1 (Content.Rd:559): Warning: <h5> anchor "Usage" already defined
Content.html:958:1 (Content.Rd:563): Warning: <h5> anchor "Arguments" already defined
ContentTask.html:162:1 (ContentTask.Rd:111): Warning: <h5> anchor "Usage" already defined
ContentTask.html:178:1 (ContentTask.Rd:121): Warning: <h5> anchor "Usage" already defined
ContentTask.html:184:1 (ContentTask.Rd:125): Warning: <h5> anchor "Arguments" already defined
ContentTask.html:207:1 (ContentTask.Rd:138): Warning: <h5> anchor "Usage" already defined
ContentTask.html:223:1 (ContentTask.Rd:148): Warning: <h5> anchor "Usage" already defined
ContentTask.html:229:1 (ContentTask.Rd:152): Warning: <h5> anchor "Arguments" already defined
ContentTask.html:252:1 (ContentTask.Rd:165): Warning: <h5> anchor "Usage" already defined
ContentTask.html:258:1 (ContentTask.Rd:169): Warning: <h5> anchor "Arguments" already defined
EnvironmentR6.html:160:1 (EnvironmentR6.Rd:107): Warning: <h5> anchor "Usage" already defined
EnvironmentR6.html:176:1 (EnvironmentR6.Rd:117): Warning: <h5> anchor "Usage" already defined
EnvironmentR6.html:182:1 (EnvironmentR6.Rd:121): Warning: <h5> anchor "Arguments" already defined
EnvironmentR6.html:205:1 (EnvironmentR6.Rd:134): Warning: <h5> anchor "Usage" already defined
EnvironmentR6.html:211:1 (EnvironmentR6.Rd:138): Warning: <h5> anchor "Arguments" already defined
EnvironmentR6.html:234:1 (EnvironmentR6.Rd:151): Warning: <h5> anchor "Usage" already defined
EnvironmentR6.html:250:1 (EnvironmentR6.Rd:161): Warning: <h5> anchor "Usage" already defined
EnvironmentR6.html:256:1 (EnvironmentR6.Rd:165): Warning: <h5> anchor "Arguments" already defined
EnvironmentR6.html:279:1 (EnvironmentR6.Rd:178): Warning: <h5> anchor "Usage" already defined
EnvironmentR6.html:285:1 (EnvironmentR6.Rd:182): Warning: <h5> anchor "Arguments" already defined
PositConnect.html:289:1 (PositConnect.Rd:140): Warning: <h5> anchor "Usage" already defined
PositConnect.html:305:1 (PositConnect.Rd:150): Warning: <h5> anchor "Usage" already defined
PositConnect.html:336:1 (PositConnect.Rd:169): Warning: <h5> anchor "Usage" already defined
PositConnect.html:342:1 (PositConnect.Rd:173): Warning: <h5> anchor "Arguments" already defined
PositConnect.html:365:1 (PositConnect.Rd:186): Warning: <h5> anchor "Usage" already defined
PositConnect.html:371:1 (PositConnect.Rd:190): Warning: <h5> anchor "Arguments" already defined
PositConnect.html:394:1 (PositConnect.Rd:203): Warning: <h5> anchor "Usage" already defined
PositConnect.html:400:1 (PositConnect.Rd:207): Warning: <h5> anchor "Arguments" already defined
PositConnect.html:423:1 (PositConnect.Rd:220): Warning: <h5> anchor "Usage" already defined
PositConnect.html:439:1 (PositConnect.Rd:230): Warning: <h5> anchor "Usage" already defined
PositConnect.html:445:1 (PositConnect.Rd:234): Warning: <h5> anchor "Arguments" already defined
PositConnect.html:468:1 (PositConnect.Rd:247): Warning: <h5> anchor "Usage" already defined
PositConnect.html:474:1 (PositConnect.Rd:251): Warning: <h5> anchor "Arguments" already defined
PositConnect.html:497:1 (PositConnect.Rd:264): Warning: <h5> anchor "Usage" already defined
PositConnect.html:503:1 (PositConnect.Rd:268): Warning: <h5> anchor "Arguments" already defined
PositConnect.html:534:1 (PositConnect.Rd:289): Warning: <h5> anchor "Usage" already defined
PositConnect.html:540:1 (PositConnect.Rd:293): Warning: <h5> anchor "Arguments" already defined
PositConnect.html:572:1 (PositConnect.Rd:315): Warning: <h5> anchor "Usage" already defined
PositConnect.html:585:1 (PositConnect.Rd:326): Warning: <h5> anchor "Arguments" already defined
PositConnect.html:621:1 (PositConnect.Rd:352): Warning: <h5> anchor "Usage" already defined
PositConnect.html:627:1 (PositConnect.Rd:356): Warning: <h5> anchor "Arguments" already defined
PositConnect.html:656:1 (PositConnect.Rd:375): Warning: <h5> anchor "Usage" already defined
PositConnect.html:662:1 (PositConnect.Rd:379): Warning: <h5> anchor "Arguments" already defined
PositConnect.html:694:1 (PositConnect.Rd:401): Warning: <h5> anchor "Usage" already defined
PositConnect.html:707:1 (PositConnect.Rd:412): Warning: <h5> anchor "Arguments" already defined
PositConnect.html:743:1 (PositConnect.Rd:438): Warning: <h5> anchor "Usage" already defined
PositConnect.html:756:1 (PositConnect.Rd:449): Warning: <h5> anchor "Arguments" already defined
PositConnect.html:792:1 (PositConnect.Rd:475): Warning: <h5> anchor "Usage" already defined
PositConnect.html:808:1 (PositConnect.Rd:485): Warning: <h5> anchor "Usage" already defined
PositConnect.html:824:1 (PositConnect.Rd:495): Warning: <h5> anchor "Usage" already defined
PositConnect.html:830:1 (PositConnect.Rd:499): Warning: <h5> anchor "Arguments" already defined
PositConnect.html:853:1 (PositConnect.Rd:512): Warning: <h5> anchor "Usage" already defined
PositConnect.html:859:1 (PositConnect.Rd:516): Warning: <h5> anchor "Arguments" already defined
PositConnect.html:882:1 (PositConnect.Rd:529): Warning: <h5> anchor "Usage" already defined
PositConnect.html:898:1 (PositConnect.Rd:539): Warning: <h5> anchor "Usage" already defined
PositConnect.html:904:1 (PositConnect.Rd:543): Warning: <h5> anchor "Arguments" already defined
PositConnect.html:929:1 (PositConnect.Rd:558): Warning: <h5> anchor "Usage" already defined
PositConnect.html:935:1 (PositConnect.Rd:562): Warning: <h5> anchor "Arguments" already defined
PositConnect.html:960:1 (PositConnect.Rd:577): Warning: <h5> anchor "Usage" already defined
PositConnect.html:966:1 (PositConnect.Rd:581): Warning: <h5> anchor "Arguments" already defined
PositConnect.html:989:1 (PositConnect.Rd:594): Warning: <h5> anchor "Usage" already defined
PositConnect.html:995:1 (PositConnect.Rd:598): Warning: <h5> anchor "Arguments" already defined
PositConnect.html:1018:1 (PositConnect.Rd:611): Warning: <h5> anchor "Usage" already defined
PositConnect.html:1024:1 (PositConnect.Rd:615): Warning: <h5> anchor "Arguments" already defined
PositConnect.html:1047:1 (PositConnect.Rd:628): Warning: <h5> anchor "Usage" already defined
PositConnect.html:1053:1 (PositConnect.Rd:632): Warning: <h5> anchor "Arguments" already defined
PositConnect.html:1080:1 (PositConnect.Rd:649): Warning: <h5> anchor "Usage" already defined
PositConnect.html:1086:1 (PositConnect.Rd:653): Warning: <h5> anchor "Arguments" already defined
PositConnect.html:1111:1 (PositConnect.Rd:668): Warning: <h5> anchor "Usage" already defined
PositConnect.html:1117:1 (PositConnect.Rd:672): Warning: <h5> anchor "Arguments" already defined
PositConnect.html:1142:1 (PositConnect.Rd:687): Warning: <h5> anchor "Usage" already defined
PositConnect.html:1153:1 (PositConnect.Rd:696): Warning: <h5> anchor "Arguments" already defined
PositConnect.html:1182:1 (PositConnect.Rd:715): Warning: <h5> anchor "Usage" already defined
PositConnect.html:1188:1 (PositConnect.Rd:719): Warning: <h5> anchor "Arguments" already defined
PositConnect.html:1215:1 (PositConnect.Rd:736): Warning: <h5> anchor "Usage" already defined
PositConnect.html:1221:1 (PositConnect.Rd:740): Warning: <h5> anchor "Arguments" already defined
PositConnect.html:1246:1 (PositConnect.Rd:755): Warning: <h5> anchor "Usage" already defined
PositConnect.html:1252:1 (PositConnect.Rd:759): Warning: <h5> anchor "Arguments" already defined
PositConnect.html:1277:1 (PositConnect.Rd:774): Warning: <h5> anchor "Usage" already defined
PositConnect.html:1283:1 (PositConnect.Rd:778): Warning: <h5> anchor "Arguments" already defined
PositConnect.html:1306:1 (PositConnect.Rd:791): Warning: <h5> anchor "Usage" already defined
PositConnect.html:1318:1 (PositConnect.Rd:801): Warning: <h5> anchor "Arguments" already defined
PositConnect.html:1349:1 (PositConnect.Rd:822): Warning: <h5> anchor "Usage" already defined
PositConnect.html:1355:1 (PositConnect.Rd:826): Warning: <h5> anchor "Arguments" already defined
PositConnect.html:1378:1 (PositConnect.Rd:839): Warning: <h5> anchor "Usage" already defined
PositConnect.html:1393:1 (PositConnect.Rd:852): Warning: <h5> anchor "Arguments" already defined
PositConnect.html:1430:1 (PositConnect.Rd:879): Warning: <h5> anchor "Usage" already defined
PositConnect.html:1436:1 (PositConnect.Rd:883): Warning: <h5> anchor "Arguments" already defined
PositConnect.html:1459:1 (PositConnect.Rd:896): Warning: <h5> anchor "Usage" already defined
PositConnect.html:1465:1 (PositConnect.Rd:900): Warning: <h5> anchor "Arguments" already defined
PositConnect.html:1488:1 (PositConnect.Rd:913): Warning: <h5> anchor "Usage" already defined
PositConnect.html:1494:1 (PositConnect.Rd:917): Warning: <h5> anchor "Arguments" already defined
PositConnect.html:1517:1 (PositConnect.Rd:930): Warning: <h5> anchor "Usage" already defined
PositConnect.html:1523:1 (PositConnect.Rd:934): Warning: <h5> anchor "Arguments" already defined
PositConnect.html:1548:1 (PositConnect.Rd:949): Warning: <h5> anchor "Usage" already defined
PositConnect.html:1554:1 (PositConnect.Rd:953): Warning: <h5> anchor "Arguments" already defined
PositConnect.html:1581:1 (PositConnect.Rd:970): Warning: <h5> anchor "Usage" already defined
PositConnect.html:1587:1 (PositConnect.Rd:974): Warning: <h5> anchor "Arguments" already defined
PositConnect.html:1610:1 (PositConnect.Rd:987): Warning: <h5> anchor "Usage" already defined
PositConnect.html:1616:1 (PositConnect.Rd:991): Warning: <h5> anchor "Arguments" already defined
PositConnect.html:1641:1 (PositConnect.Rd:1006): Warning: <h5> anchor "Usage" already defined
PositConnect.html:1647:1 (PositConnect.Rd:1010): Warning: <h5> anchor "Arguments" already defined
PositConnect.html:1672:1 (PositConnect.Rd:1025): Warning: <h5> anchor "Usage" already defined
PositConnect.html:1678:1 (PositConnect.Rd:1029): Warning: <h5> anchor "Arguments" already defined
PositConnect.html:1701:1 (PositConnect.Rd:1042): Warning: <h5> anchor "Usage" already defined
PositConnect.html:1707:1 (PositConnect.Rd:1046): Warning: <h5> anchor "Arguments" already defined
PositConnect.html:1730:1 (PositConnect.Rd:1059): Warning: <h5> anchor "Usage" already defined
PositConnect.html:1736:1 (PositConnect.Rd:1063): Warning: <h5> anchor "Arguments" already defined
PositConnect.html:1761:1 (PositConnect.Rd:1078): Warning: <h5> anchor "Usage" already defined
PositConnect.html:1767:1 (PositConnect.Rd:1082): Warning: <h5> anchor "Arguments" already defined
PositConnect.html:1790:1 (PositConnect.Rd:1095): Warning: <h5> anchor "Usage" already defined
PositConnect.html:1805:1 (PositConnect.Rd:1108): Warning: <h5> anchor "Arguments" already defined
PositConnect.html:1844:1 (PositConnect.Rd:1138): Warning: <h5> anchor "Usage" already defined
PositConnect.html:1859:1 (PositConnect.Rd:1151): Warning: <h5> anchor "Arguments" already defined
PositConnect.html:1896:1 (PositConnect.Rd:1178): Warning: <h5> anchor "Usage" already defined
PositConnect.html:1912:1 (PositConnect.Rd:1188): Warning: <h5> anchor "Usage" already defined
PositConnect.html:1918:1 (PositConnect.Rd:1192): Warning: <h5> anchor "Arguments" already defined
PositConnect.html:1941:1 (PositConnect.Rd:1205): Warning: <h5> anchor "Usage" already defined
PositConnect.html:1947:1 (PositConnect.Rd:1209): Warning: <h5> anchor "Arguments" already defined
PositConnect.html:1970:1 (PositConnect.Rd:1222): Warning: <h5> anchor "Usage" already defined
PositConnect.html:1976:1 (PositConnect.Rd:1226): Warning: <h5> anchor "Arguments" already defined
PositConnect.html:2001:1 (PositConnect.Rd:1241): Warning: <h5> anchor "Usage" already defined
PositConnect.html:2011:1 (PositConnect.Rd:1249): Warning: <h5> anchor "Arguments" already defined
PositConnect.html:2038:1 (PositConnect.Rd:1266): Warning: <h5> anchor "Usage" already defined
PositConnect.html:2044:1 (PositConnect.Rd:1270): Warning: <h5> anchor "Arguments" already defined
PositConnect.html:2071:1 (PositConnect.Rd:1287): Warning: <h5> anchor "Usage" already defined
PositConnect.html:2077:1 (PositConnect.Rd:1291): Warning: <h5> anchor "Arguments" already defined
PositConnect.html:2102:1 (PositConnect.Rd:1306): Warning: <h5> anchor "Usage" already defined
PositConnect.html:2108:1 (PositConnect.Rd:1310): Warning: <h5> anchor "Arguments" already defined
PositConnect.html:2137:1 (PositConnect.Rd:1329): Warning: <h5> anchor "Usage" already defined
PositConnect.html:2153:1 (PositConnect.Rd:1339): Warning: <h5> anchor "Usage" already defined
PositConnect.html:2169:1 (PositConnect.Rd:1349): Warning: <h5> anchor "Usage" already defined
PositConnect.html:2185:1 (PositConnect.Rd:1359): Warning: <h5> anchor "Usage" already defined
PositConnect.html:2191:1 (PositConnect.Rd:1363): Warning: <h5> anchor "Arguments" already defined
Task.html:124:1 (Task.Rd:74): Warning: <h5> anchor "Usage" already defined
Task.html:140:1 (Task.Rd:84): Warning: <h5> anchor "Usage" already defined
Task.html:156:1 (Task.Rd:94): Warning: <h5> anchor "Usage" already defined
Task.html:162:1 (Task.Rd:98): Warning: <h5> anchor "Arguments" already defined
Task.html:185:1 (Task.Rd:111): Warning: <h5> anchor "Usage" already defined
Task.html:201:1 (Task.Rd:121): Warning: <h5> anchor "Usage" already defined
Task.html:207:1 (Task.Rd:125): Warning: <h5> anchor "Arguments" already defined
Task.html:230:1 (Task.Rd:138): Warning: <h5> anchor "Usage" already defined
Task.html:236:1 (Task.Rd:142): Warning: <h5> anchor "Arguments" already defined
Vanity.html:154:1 (Vanity.Rd:107): Warning: <h5> anchor "Usage" already defined
Vanity.html:170:1 (Vanity.Rd:117): Warning: <h5> anchor "Usage" already defined
Vanity.html:176:1 (Vanity.Rd:121): Warning: <h5> anchor "Arguments" already defined
Vanity.html:199:1 (Vanity.Rd:134): Warning: <h5> anchor "Usage" already defined
Vanity.html:205:1 (Vanity.Rd:138): Warning: <h5> anchor "Arguments" already defined
VariantR6.html:180:1 (VariantR6.Rd:109): Warning: <h5> anchor "Usage" already defined
VariantR6.html:196:1 (VariantR6.Rd:119): Warning: <h5> anchor "Usage" already defined
VariantR6.html:229:1 (VariantR6.Rd:140): Warning: <h5> anchor "Usage" already defined
VariantR6.html:235:1 (VariantR6.Rd:144): Warning: <h5> anchor "Arguments" already defined
VariantR6.html:258:1 (VariantR6.Rd:157): Warning: <h5> anchor "Usage" already defined
VariantR6.html:274:1 (VariantR6.Rd:167): Warning: <h5> anchor "Usage" already defined
VariantR6.html:290:1 (VariantR6.Rd:177): Warning: <h5> anchor "Usage" already defined
VariantR6.html:306:1 (VariantR6.Rd:187): Warning: <h5> anchor "Usage" already defined
VariantR6.html:312:1 (VariantR6.Rd:191): Warning: <h5> anchor "Arguments" already defined
VariantR6.html:335:1 (VariantR6.Rd:204): Warning: <h5> anchor "Usage" already defined
VariantR6.html:341:1 (VariantR6.Rd:208): Warning: <h5> anchor "Arguments" already defined
VariantR6.html:364:1 (VariantR6.Rd:221): Warning: <h5> anchor "Usage" already defined
VariantR6.html:380:1 (VariantR6.Rd:231): Warning: <h5> anchor "Usage" already defined
VariantR6.html:396:1 (VariantR6.Rd:241): Warning: <h5> anchor "Usage" already defined
VariantR6.html:402:1 (VariantR6.Rd:245): Warning: <h5> anchor "Arguments" already defined
VariantR6.html:425:1 (VariantR6.Rd:258): Warning: <h5> anchor "Usage" already defined
VariantR6.html:441:1 (VariantR6.Rd:268): Warning: <h5> anchor "Usage" already defined
VariantR6.html:447:1 (VariantR6.Rd:272): Warning: <h5> anchor "Arguments" already defined
VariantR6.html:470:1 (VariantR6.Rd:285): Warning: <h5> anchor "Usage" already defined
VariantR6.html:486:1 (VariantR6.Rd:295): Warning: <h5> anchor "Usage" already defined
VariantR6.html:492:1 (VariantR6.Rd:299): Warning: <h5> anchor "Arguments" already defined
VariantR6.html:515:1 (VariantR6.Rd:312): Warning: <h5> anchor "Usage" already defined
VariantR6.html:521:1 (VariantR6.Rd:316): Warning: <h5> anchor "Arguments" already defined
VariantR6.html:544:1 (VariantR6.Rd:329): Warning: <h5> anchor "Usage" already defined
VariantR6.html:550:1 (VariantR6.Rd:333): Warning: <h5> anchor "Arguments" already defined
VariantR6.html:573:1 (VariantR6.Rd:346): Warning: <h5> anchor "Usage" already defined
VariantR6.html:579:1 (VariantR6.Rd:350): Warning: <h5> anchor "Arguments" already defined
VariantSchedule.html:187:1 (VariantSchedule.Rd:126): Warning: <h5> anchor "Usage" already defined
VariantSchedule.html:193:1 (VariantSchedule.Rd:130): Warning: <h5> anchor "Arguments" already defined
VariantSchedule.html:216:1 (VariantSchedule.Rd:143): Warning: <h5> anchor "Usage" already defined
VariantSchedule.html:222:1 (VariantSchedule.Rd:147): Warning: <h5> anchor "Arguments" already defined
VariantSchedule.html:247:1 (VariantSchedule.Rd:162): Warning: <h5> anchor "Usage" already defined
VariantSchedule.html:253:1 (VariantSchedule.Rd:166): Warning: <h5> anchor "Arguments" already defined
VariantSchedule.html:276:1 (VariantSchedule.Rd:179): Warning: <h5> anchor "Usage" already defined
VariantSchedule.html:282:1 (VariantSchedule.Rd:183): Warning: <h5> anchor "Arguments" already defined
VariantSchedule.html:305:1 (VariantSchedule.Rd:196): Warning: <h5> anchor "Usage" already defined
VariantSchedule.html:321:1 (VariantSchedule.Rd:206): Warning: <h5> anchor "Usage" already defined
VariantSchedule.html:327:1 (VariantSchedule.Rd:210): Warning: <h5> anchor "Arguments" already defined
VariantSchedule.html:350:1 (VariantSchedule.Rd:223): Warning: <h5> anchor "Usage" already defined
VariantSchedule.html:366:1 (VariantSchedule.Rd:233): Warning: <h5> anchor "Usage" already defined
VariantSchedule.html:382:1 (VariantSchedule.Rd:243): Warning: <h5> anchor "Usage" already defined
VariantSchedule.html:398:1 (VariantSchedule.Rd:253): Warning: <h5> anchor "Usage" already defined
VariantSchedule.html:404:1 (VariantSchedule.Rd:257): Warning: <h5> anchor "Arguments" already defined
VariantTask.html:176:1 (VariantTask.Rd:125): Warning: <h5> anchor "Usage" already defined
VariantTask.html:192:1 (VariantTask.Rd:135): Warning: <h5> anchor "Usage" already defined
VariantTask.html:198:1 (VariantTask.Rd:139): Warning: <h5> anchor "Arguments" already defined
VariantTask.html:221:1 (VariantTask.Rd:152): Warning: <h5> anchor "Usage" already defined
VariantTask.html:237:1 (VariantTask.Rd:162): Warning: <h5> anchor "Usage" already defined
VariantTask.html:243:1 (VariantTask.Rd:166): Warning: <h5> anchor "Arguments" already defined
VariantTask.html:266:1 (VariantTask.Rd:179): Warning: <h5> anchor "Usage" already defined
VariantTask.html:272:1 (VariantTask.Rd:183): Warning: <h5> anchor "Arguments" already defined
tags.html:146:1 (tags.Rd:80): Warning: missing </ul> before </div>
Flavor: r-devel-linux-x86_64-debian-gcc
These binaries (installable software) and packages are in development.
They may not be fully stable and should be used with caution. We make no claims about them.
Health stats visible at Monitor.