Last updated on 2025-11-20 13:49:57 CET.
| Flavor | Version | Tinstall | Tcheck | Ttotal | Status | Flags |
|---|---|---|---|---|---|---|
| r-devel-linux-x86_64-debian-clang | 0.6.1 | 90.50 | 158.87 | 249.37 | NOTE | |
| r-devel-linux-x86_64-debian-gcc | 0.6.1 | 62.13 | 110.72 | 172.85 | NOTE | |
| r-devel-linux-x86_64-fedora-clang | 0.6.1 | 464.00 | -33.60 | 430.40 | NOTE | |
| r-devel-linux-x86_64-fedora-gcc | 0.6.1 | 361.00 | 63.40 | 424.40 | NOTE | |
| r-devel-windows-x86_64 | 0.6.1 | 98.00 | 207.00 | 305.00 | OK | |
| r-patched-linux-x86_64 | 0.6.1 | 101.79 | 133.55 | 235.34 | OK | |
| r-release-linux-x86_64 | 0.6.1 | 88.31 | 134.28 | 222.59 | OK | |
| r-release-macos-arm64 | 0.6.1 | OK | ||||
| r-release-macos-x86_64 | 0.6.1 | 92.00 | 136.00 | 228.00 | OK | |
| r-release-windows-x86_64 | 0.6.1 | 95.00 | 202.00 | 297.00 | OK | |
| r-oldrel-macos-arm64 | 0.6.1 | NOTE | ||||
| r-oldrel-macos-x86_64 | 0.6.1 | 75.00 | 113.00 | 188.00 | NOTE | |
| r-oldrel-windows-x86_64 | 0.6.1 | 131.00 | 245.00 | 376.00 | NOTE |
Version: 0.6.1
Check: HTML version of manual
Result: NOTE
Found the following HTML validation problems:
charlatan.html:21530:1 (PhoneNumberProvider_no_NO.Rd:60): Warning: <a> anchor "method-PhoneNumberProvider_nn_NO-clone" already defined
Flavors: r-devel-linux-x86_64-debian-clang, r-devel-linux-x86_64-debian-gcc, r-devel-linux-x86_64-fedora-clang, r-devel-linux-x86_64-fedora-gcc
Version: 0.6.1
Check: installed package size
Result: NOTE
installed size is 9.2Mb
sub-directories of 1Mb or more:
R 5.1Mb
doc 3.2Mb
Flavors: r-oldrel-macos-arm64, r-oldrel-macos-x86_64, r-oldrel-windows-x86_64
These binaries (installable software) and packages are in development.
They may not be fully stable and should be used with caution. We make no claims about them.
Health stats visible at Monitor.