Last updated on 2024-05-09 21:52:54 CEST.
Flavor | Version | Tinstall | Tcheck | Ttotal | Status | Flags |
---|---|---|---|---|---|---|
r-devel-linux-x86_64-debian-clang | 6.0-94 | 50.81 | 467.26 | 518.07 | NOTE | |
r-devel-linux-x86_64-debian-gcc | 6.0-94 | 33.13 | 334.08 | 367.21 | NOTE | |
r-devel-linux-x86_64-fedora-clang | 6.0-94 | 673.26 | NOTE | |||
r-devel-linux-x86_64-fedora-gcc | 6.0-94 | 664.95 | NOTE | |||
r-devel-windows-x86_64 | 6.0-94 | 41.00 | 332.00 | 373.00 | NOTE | --no-vignettes |
r-patched-linux-x86_64 | 6.0-94 | 39.08 | 446.45 | 485.53 | NOTE | |
r-release-linux-x86_64 | 6.0-94 | 28.18 | 440.65 | 468.83 | NOTE | |
r-release-macos-arm64 | 6.0-94 | 153.00 | NOTE | |||
r-release-windows-x86_64 | 6.0-94 | 40.00 | 329.00 | 369.00 | NOTE | --no-vignettes |
r-oldrel-macos-arm64 | 6.0-94 | 169.00 | OK | |||
r-oldrel-macos-x86_64 | 6.0-94 | 302.00 | OK | |||
r-oldrel-windows-x86_64 | 6.0-94 | 53.00 | 395.00 | 448.00 | OK | --no-vignettes |
Version: 6.0-94
Check: Rd files
Result: NOTE
checkRd: (-1) NEWS.Rd:96: Lost braces
96 | \item code{train} now removes duplicate models in the tuning grid. Duplicates could occur for models with discrete parameters.
| ^
checkRd: (-1) calibration.Rd:46: Lost braces; missing escapes or markup?
46 | formula. This argument is not used for \code{xyplot.calibration}. For {ggplot.calibration}, \code{data}
| ^
Flavors: r-devel-linux-x86_64-debian-clang, r-devel-linux-x86_64-debian-gcc, r-devel-linux-x86_64-fedora-clang, r-devel-linux-x86_64-fedora-gcc, r-patched-linux-x86_64, r-release-linux-x86_64, r-release-macos-arm64
Version: 6.0-94
Flags: --no-vignettes
Check: Rd files
Result: NOTE
checkRd: (-1) NEWS.Rd:96: Lost braces
96 | \item code{train} now removes duplicate models in the tuning grid. Duplicates could occur for models with discrete parameters.
| ^
checkRd: (-1) calibration.Rd:46: Lost braces; missing escapes or markup?
46 | formula. This argument is not used for \code{xyplot.calibration}. For {ggplot.calibration}, \code{data}
| ^
Flavors: r-devel-windows-x86_64, r-release-windows-x86_64
These binaries (installable software) and packages are in development.
They may not be fully stable and should be used with caution. We make no claims about them.
Health stats visible at Monitor.