Last updated on 2025-11-19 05:48:31 CET.
| Flavor | Version | Tinstall | Tcheck | Ttotal | Status | Flags |
|---|---|---|---|---|---|---|
| r-devel-linux-x86_64-debian-clang | 0.1.2 | 1.50 | 22.52 | 24.02 | ERROR | |
| r-devel-linux-x86_64-debian-gcc | 0.1.2 | 1.42 | 18.50 | 19.92 | ERROR | |
| r-devel-linux-x86_64-fedora-clang | 0.1.2 | 34.66 | ERROR | |||
| r-devel-linux-x86_64-fedora-gcc | 0.1.2 | 33.47 | ERROR | |||
| r-devel-windows-x86_64 | 0.1.2 | 4.00 | 44.00 | 48.00 | OK | |
| r-patched-linux-x86_64 | 0.1.2 | 1.60 | 20.24 | 21.84 | OK | |
| r-release-linux-x86_64 | 0.1.2 | 1.60 | 20.39 | 21.99 | ERROR | |
| r-release-macos-arm64 | 0.1.2 | 1.00 | 18.00 | 19.00 | OK | |
| r-release-macos-x86_64 | 0.1.2 | 2.00 | 56.00 | 58.00 | OK | |
| r-release-windows-x86_64 | 0.1.2 | 3.00 | 44.00 | 47.00 | OK | |
| r-oldrel-macos-arm64 | 0.1.2 | 1.00 | 22.00 | 23.00 | OK | |
| r-oldrel-macos-x86_64 | 0.1.2 | 1.00 | 71.00 | 72.00 | OK | |
| r-oldrel-windows-x86_64 | 0.1.2 | 3.00 | 48.00 | 51.00 | OK |
Version: 0.1.2
Check: tests
Result: ERROR
Running ‘testthat.R’ [1s/2s]
Running the tests in ‘tests/testthat.R’ failed.
Complete output:
> library(testthat)
> library(bindr)
>
> test_check("bindr")
Saving _problems/test-error-13.R
[ FAIL 1 | WARN 0 | SKIP 0 | PASS 41 ]
══ Failed tests ════════════════════════════════════════════════════════════════
── Error ('test-error.R:9:3'): non-native encoding causes warning ──────────────
<lifecycle_error_deprecated/defunctError/rlang_error/error/condition>
Error: `with_mock()` was deprecated in testthat 3.2.0 and is now defunct.
ℹ Please use `with_mocked_bindings()` instead.
Backtrace:
▆
1. └─testthat::with_mock(...) at test-error.R:9:3
2. └─lifecycle::deprecate_stop("3.2.0", "with_mock()", "with_mocked_bindings()")
3. └─lifecycle:::deprecate_stop0(msg)
4. └─rlang::cnd_signal(...)
[ FAIL 1 | WARN 0 | SKIP 0 | PASS 41 ]
Error:
! Test failures.
Execution halted
Flavors: r-devel-linux-x86_64-debian-clang, r-devel-linux-x86_64-debian-gcc
Version: 0.1.2
Check: tests
Result: ERROR
Running ‘testthat.R’
Running the tests in ‘tests/testthat.R’ failed.
Complete output:
> library(testthat)
> library(bindr)
>
> test_check("bindr")
Saving _problems/test-error-13.R
[ FAIL 1 | WARN 0 | SKIP 0 | PASS 41 ]
══ Failed tests ════════════════════════════════════════════════════════════════
── Error ('test-error.R:9:3'): non-native encoding causes warning ──────────────
<lifecycle_error_deprecated/defunctError/rlang_error/error/condition>
Error: `with_mock()` was deprecated in testthat 3.2.0 and is now defunct.
ℹ Please use `with_mocked_bindings()` instead.
Backtrace:
▆
1. └─testthat::with_mock(...) at test-error.R:9:3
2. └─lifecycle::deprecate_stop("3.2.0", "with_mock()", "with_mocked_bindings()")
3. └─lifecycle:::deprecate_stop0(msg)
4. └─rlang::cnd_signal(...)
[ FAIL 1 | WARN 0 | SKIP 0 | PASS 41 ]
Error:
! Test failures.
Execution halted
Flavors: r-devel-linux-x86_64-fedora-clang, r-devel-linux-x86_64-fedora-gcc
Version: 0.1.2
Check: tests
Result: ERROR
Running ‘testthat.R’ [2s/2s]
Running the tests in ‘tests/testthat.R’ failed.
Complete output:
> library(testthat)
> library(bindr)
>
> test_check("bindr")
Saving _problems/test-error-13.R
[ FAIL 1 | WARN 0 | SKIP 0 | PASS 41 ]
══ Failed tests ════════════════════════════════════════════════════════════════
── Error ('test-error.R:9:3'): non-native encoding causes warning ──────────────
<lifecycle_error_deprecated/defunctError/rlang_error/error/condition>
Error: `with_mock()` was deprecated in testthat 3.2.0 and is now defunct.
ℹ Please use `with_mocked_bindings()` instead.
Backtrace:
▆
1. └─testthat::with_mock(...) at test-error.R:9:3
2. └─lifecycle::deprecate_stop("3.2.0", "with_mock()", "with_mocked_bindings()")
3. └─lifecycle:::deprecate_stop0(msg)
4. └─rlang::cnd_signal(...)
[ FAIL 1 | WARN 0 | SKIP 0 | PASS 41 ]
Error:
! Test failures.
Execution halted
Flavor: r-release-linux-x86_64
These binaries (installable software) and packages are in development.
They may not be fully stable and should be used with caution. We make no claims about them.
Health stats visible at Monitor.