Last updated on 2025-11-19 05:48:31 CET.
| Flavor | Version | Tinstall | Tcheck | Ttotal | Status | Flags |
|---|---|---|---|---|---|---|
| r-devel-linux-x86_64-debian-clang | 1.2.5 | 92.16 | 380.66 | 472.82 | OK | |
| r-devel-linux-x86_64-debian-gcc | 1.2.5 | 64.22 | 271.95 | 336.17 | OK | |
| r-devel-linux-x86_64-fedora-clang | 1.2.5 | 153.00 | 575.60 | 728.60 | OK | |
| r-devel-linux-x86_64-fedora-gcc | 1.2.5 | 136.00 | 570.93 | 706.93 | OK | |
| r-devel-windows-x86_64 | 1.2.5 | 123.00 | 323.00 | 446.00 | OK | |
| r-patched-linux-x86_64 | 1.2.5 | 89.81 | 346.65 | 436.46 | OK | |
| r-release-linux-x86_64 | 1.2.5 | 95.93 | 343.59 | 439.52 | OK | |
| r-release-macos-arm64 | 1.2.5 | 35.00 | 166.00 | 201.00 | OK | |
| r-release-macos-x86_64 | 1.2.5 | 42.00 | 281.00 | 323.00 | OK | |
| r-release-windows-x86_64 | 1.2.5 | 113.00 | 315.00 | 428.00 | OK | |
| r-oldrel-macos-arm64 | 1.2.5 | 36.00 | 166.00 | 202.00 | NOTE | |
| r-oldrel-macos-x86_64 | 1.2.5 | 40.00 | 297.00 | 337.00 | NOTE | |
| r-oldrel-windows-x86_64 | 1.2.5 | 128.00 | 15.00 | 143.00 | ERROR |
Version: 1.2.5
Check: installed package size
Result: NOTE
installed size is 8.6Mb
sub-directories of 1Mb or more:
data 1.4Mb
libs 6.3Mb
Flavors: r-oldrel-macos-arm64, r-oldrel-macos-x86_64
Version: 1.2.5
Check: whether the package can be loaded
Result: ERROR
Loading this package had a fatal error status code 5
Loading log:
Loading required package: ergm
Loading required package: network
'network' 1.19.0 (2024-12-08), part of the Statnet Project
* 'news(package="network")' for changes since last version
* 'citation("network")' for citation information
* 'https://statnet.org' for help, support, and other information
'ergm' 4.10.1 (2025-08-26), part of the Statnet Project
* 'news(package="ergm")' for changes since last version
* 'citation("ergm")' for citation information
* 'https://statnet.org' for help, support, and other information
'ergm' 4 is a major update that introduces some backwards-incompatible
changes. Please type 'news(package="ergm")' for a list of major
changes.
Loading required package: Rcpp
Flavor: r-oldrel-windows-x86_64
These binaries (installable software) and packages are in development.
They may not be fully stable and should be used with caution. We make no claims about them.
Health stats visible at Monitor.