Last updated on 2025-07-19 19:49:40 CEST.
Flavor | Version | Tinstall | Tcheck | Ttotal | Status | Flags |
---|---|---|---|---|---|---|
r-devel-linux-x86_64-debian-clang | 2021.1.2 | 2.99 | 164.32 | 167.31 | ERROR | |
r-devel-linux-x86_64-debian-gcc | 2021.1.2 | 2.14 | 105.08 | 107.22 | OK | |
r-devel-linux-x86_64-fedora-clang | 2021.1.2 | 223.81 | NOTE | |||
r-devel-linux-x86_64-fedora-gcc | 2021.1.2 | 233.57 | NOTE | |||
r-devel-windows-x86_64 | 2021.1.2 | 5.00 | 164.00 | 169.00 | OK | |
r-patched-linux-x86_64 | 2021.1.2 | 2.58 | 160.05 | 162.63 | OK | |
r-release-linux-x86_64 | 2021.1.2 | 2.61 | 166.60 | 169.21 | OK | |
r-release-macos-arm64 | 2021.1.2 | 135.00 | OK | |||
r-release-macos-x86_64 | 2021.1.2 | 165.00 | OK | |||
r-release-windows-x86_64 | 2021.1.2 | 6.00 | 162.00 | 168.00 | OK | |
r-oldrel-macos-arm64 | 2021.1.2 | 79.00 | OK | |||
r-oldrel-macos-x86_64 | 2021.1.2 | 149.00 | OK | |||
r-oldrel-windows-x86_64 | 2021.1.2 | 6.00 | 206.00 | 212.00 | OK |
Version: 2021.1.2
Check: tests
Result: ERROR
Running ‘testthat.R’ [87s/95s]
Running the tests in ‘tests/testthat.R’ failed.
Complete output:
> library(testthat)
> library(attrib)
attrib 2021.1.2 https://folkehelseinstituttet.github.io/attrib
>
> test_check("attrib")
|
| | 0%
|
|=================================== | 50%
|
|======================================================================| 100%[ FAIL 2 | WARN 0 | SKIP 0 | PASS 6 ]
══ Failed tests ════════════════════════════════════════════════════════════════
── Failure ('test_fake.R:159:3'): simmulations ─────────────────────────────────
round(as.numeric(median(dif_obs), 0)) not equal to c(0).
1/1 mismatches
[1] -1 - 0 == -1
── Failure ('test_fake.R:167:3'): simmulations ─────────────────────────────────
round(as.numeric(median(dif), 0)) not equal to c(0).
1/1 mismatches
[1] -1 - 0 == -1
[ FAIL 2 | WARN 0 | SKIP 0 | PASS 6 ]
Error: Test failures
Execution halted
Flavor: r-devel-linux-x86_64-debian-clang
Version: 2021.1.2
Check: dependencies in R code
Result: NOTE
Namespaces in Imports field not imported from:
‘dlnm’ ‘ggplot2’ ‘mvmeta’ ‘pbs’ ‘tsModel’
All declared Imports should be used.
Flavors: r-devel-linux-x86_64-fedora-clang, r-devel-linux-x86_64-fedora-gcc
These binaries (installable software) and packages are in development.
They may not be fully stable and should be used with caution. We make no claims about them.
Health stats visible at Monitor.