CRAN Package Check Results for Package apsimx

Last updated on 2025-11-01 11:48:29 CET.

Flavor Version Tinstall Tcheck Ttotal Status Flags
r-devel-linux-x86_64-debian-clang 2.8.235 26.19 225.36 251.55 OK
r-devel-linux-x86_64-debian-gcc 2.8.235 15.23 151.81 167.04 OK
r-devel-linux-x86_64-fedora-clang 2.8.235 48.00 339.70 387.70 OK
r-devel-linux-x86_64-fedora-gcc 2.8.235 61.00 323.30 384.30 OK
r-devel-windows-x86_64 2.8.235 27.00 226.00 253.00 OK
r-patched-linux-x86_64 2.8.235 24.25 210.35 234.60 OK
r-release-linux-x86_64 2.8.235 25.51 211.39 236.90 OK
r-release-macos-arm64 2.8.235 12.00 133.00 145.00 OK
r-release-macos-x86_64 2.8.235 25.00 216.00 241.00 OK
r-release-windows-x86_64 2.8.235 26.00 225.00 251.00 OK
r-oldrel-macos-arm64 2.8.235 10.00 100.00 110.00 NOTE
r-oldrel-macos-x86_64 2.8.235 22.00 244.00 266.00 NOTE
r-oldrel-windows-x86_64 2.8.235 37.00 289.00 326.00 NOTE

Check Details

Version: 2.8.235
Check: installed package size
Result: NOTE installed size is 7.0Mb sub-directories of 1Mb or more: extdata 5.3Mb Flavors: r-oldrel-macos-arm64, r-oldrel-macos-x86_64, r-oldrel-windows-x86_64

These binaries (installable software) and packages are in development.
They may not be fully stable and should be used with caution. We make no claims about them.
Health stats visible at Monitor.