Last updated on 2025-11-19 05:48:30 CET.
| Flavor | Version | Tinstall | Tcheck | Ttotal | Status | Flags |
|---|---|---|---|---|---|---|
| r-devel-linux-x86_64-debian-clang | 0.1.4 | 6.93 | 105.42 | 112.35 | NOTE | |
| r-devel-linux-x86_64-debian-gcc | 0.1.4 | 4.68 | 77.03 | 81.71 | NOTE | |
| r-devel-linux-x86_64-fedora-clang | 0.1.4 | 14.00 | 166.02 | 180.02 | NOTE | |
| r-devel-linux-x86_64-fedora-gcc | 0.1.4 | 34.00 | 157.57 | 191.57 | NOTE | |
| r-devel-windows-x86_64 | 0.1.4 | 12.00 | 144.00 | 156.00 | OK | |
| r-patched-linux-x86_64 | 0.1.4 | 6.65 | 98.56 | 105.21 | OK | |
| r-release-linux-x86_64 | 0.1.4 | 6.96 | 100.03 | 106.99 | OK | |
| r-release-macos-arm64 | 0.1.4 | 3.00 | 48.00 | 51.00 | OK | |
| r-release-macos-x86_64 | 0.1.4 | 5.00 | 84.00 | 89.00 | OK | |
| r-release-windows-x86_64 | 0.1.4 | 9.00 | 145.00 | 154.00 | OK | |
| r-oldrel-macos-arm64 | 0.1.4 | 3.00 | 49.00 | 52.00 | OK | |
| r-oldrel-macos-x86_64 | 0.1.4 | 8.00 | 93.00 | 101.00 | OK | |
| r-oldrel-windows-x86_64 | 0.1.4 | 13.00 | 166.00 | 179.00 | OK |
Version: 0.1.4
Check: DESCRIPTION meta-information
Result: NOTE
Author field differs from that derived from Authors@R
Author: ‘B. C. Ajay [aut, cre] (<https://orcid.org/0000-0001-7222-8483>), J. Aravind [aut] (<https://orcid.org/0000-0002-4791-442X>), R. Abdul Fiyaz [aut] (<https://orcid.org/0000-0001-6261-7071>), ICAR [cph] (https://www.icar.org.in)’
Authors@R: ‘B. C. Ajay [aut, cre] (ORCID: <https://orcid.org/0000-0001-7222-8483>), J. Aravind [aut] (ORCID: <https://orcid.org/0000-0002-4791-442X>), R. Abdul Fiyaz [aut] (ORCID: <https://orcid.org/0000-0001-6261-7071>), ICAR [cph] (url: https://www.icar.org.in)’
Flavors: r-devel-linux-x86_64-debian-clang, r-devel-linux-x86_64-debian-gcc
Version: 0.1.4
Check: HTML version of manual
Result: NOTE
Found the following HTML validation problems:
ammistability.html:307:1 (ASI.AMMI.Rd:37): Warning: <script> anchor "MathJax-script" already defined
ammistability.html:445:52 (ASTAB.AMMI.Rd:42): Warning: <script> anchor "MathJax-script" already defined
ammistability.html:591:52 (AVAMGE.AMMI.Rd:43): Warning: <script> anchor "MathJax-script" already defined
ammistability.html:742:39 (DA.AMMI.Rd:45): Warning: <script> anchor "MathJax-script" already defined
ammistability.html:891:26 (DZ.AMMI.Rd:46): Warning: <script> anchor "MathJax-script" already defined
ammistability.html:1034:63 (EV.AMMI.Rd:42): Warning: <script> anchor "MathJax-script" already defined
ammistability.html:1178:52 (FA.AMMI.Rd:42): Warning: <script> anchor "MathJax-script" already defined
ammistability.html:1346:52 (MASI.AMMI.Rd:45): Warning: <script> anchor "MathJax-script" already defined
ammistability.html:1507:39 (MASV.AMMI.Rd:45): Warning: <script> anchor "MathJax-script" already defined
ammistability.html:1690:63 (SIPC.AMMI.Rd:42): Warning: <script> anchor "MathJax-script" already defined
ammistability.html:1842:1 (SSI.Rd:35): Warning: <script> anchor "MathJax-script" already defined
ammistability.html:2020:26 (ZA.AMMI.Rd:44): Warning: <script> anchor "MathJax-script" already defined
Flavors: r-devel-linux-x86_64-debian-clang, r-devel-linux-x86_64-debian-gcc, r-devel-linux-x86_64-fedora-clang, r-devel-linux-x86_64-fedora-gcc
These binaries (installable software) and packages are in development.
They may not be fully stable and should be used with caution. We make no claims about them.
Health stats visible at Monitor.