Last updated on 2025-11-20 01:48:50 CET.
| Flavor | Version | Tinstall | Tcheck | Ttotal | Status | Flags |
|---|---|---|---|---|---|---|
| r-devel-linux-x86_64-debian-clang | 0.1.1 | 2.15 | 31.90 | 34.05 | ERROR | |
| r-devel-linux-x86_64-debian-gcc | 0.1.1 | 1.92 | 25.92 | 27.84 | ERROR | |
| r-devel-linux-x86_64-fedora-clang | 0.1.1 | 51.71 | ERROR | |||
| r-devel-linux-x86_64-fedora-gcc | 0.1.1 | 10.00 | 58.85 | 68.85 | ERROR | |
| r-devel-windows-x86_64 | 0.1.1 | 8.00 | 50.00 | 58.00 | ERROR | |
| r-patched-linux-x86_64 | 0.1.1 | 2.37 | 29.25 | 31.62 | ERROR | |
| r-release-linux-x86_64 | 0.1.1 | 2.26 | 28.93 | 31.19 | ERROR | |
| r-release-macos-arm64 | 0.1.1 | OK | ||||
| r-release-macos-x86_64 | 0.1.1 | 2.00 | 47.00 | 49.00 | OK | |
| r-release-windows-x86_64 | 0.1.1 | 6.00 | 105.00 | 111.00 | ERROR | |
| r-oldrel-macos-arm64 | 0.1.1 | OK | ||||
| r-oldrel-macos-x86_64 | 0.1.1 | 2.00 | 65.00 | 67.00 | OK | |
| r-oldrel-windows-x86_64 | 0.1.1 | 7.00 | 58.00 | 65.00 | ERROR |
Version: 0.1.1
Check: re-building of vignette outputs
Result: ERROR
Error(s) in re-building vignettes:
...
--- re-building ‘TidyConsultant.Rmd’ using rmarkdown
Quitting from TidyConsultant.Rmd:120-125 [unnamed-chunk-15]
~~~~~~~~~~~~~~~~~~~~~~~~~~~~~~~~~~~~~~~~~~~~~~~~~~~~~~~~~~~~~~~~~~~~~~~~~~~~~~~~
NULL
~~~~~~~~~~~~~~~~~~~~~~~~~~~~~~~~~~~~~~~~~~~~~~~~~~~~~~~~~~~~~~~~~~~~~~~~~~~~~~~~
Error: processing vignette 'TidyConsultant.Rmd' failed with diagnostics:
ℹ In index: 1.
ℹ With name: charges.
Caused by error:
! Can't coerce from an integer to a string.
--- failed re-building ‘TidyConsultant.Rmd’
SUMMARY: processing the following file failed:
‘TidyConsultant.Rmd’
Error: Vignette re-building failed.
Execution halted
Flavors: r-devel-linux-x86_64-debian-clang, r-devel-linux-x86_64-debian-gcc, r-patched-linux-x86_64, r-release-linux-x86_64
Version: 0.1.1
Check: dependencies in R code
Result: NOTE
Namespaces in Imports field not imported from:
‘Ckmeans.1d.dp’ ‘autostats’ ‘badger’ ‘framecleaner’ ‘presenter’
‘tidybins’ ‘validata’
All declared Imports should be used.
Flavors: r-devel-linux-x86_64-fedora-clang, r-devel-linux-x86_64-fedora-gcc
Version: 0.1.1
Check: re-building of vignette outputs
Result: ERROR
Error(s) in re-building vignettes:
--- re-building ‘TidyConsultant.Rmd’ using rmarkdown
Quitting from TidyConsultant.Rmd:120-125 [unnamed-chunk-15]
~~~~~~~~~~~~~~~~~~~~~~~~~~~~~~~~~~~~~~~~~~~~~~~~~~~~~~~~~~~~~~~~~~~~~~~~~~~~~~~~
NULL
~~~~~~~~~~~~~~~~~~~~~~~~~~~~~~~~~~~~~~~~~~~~~~~~~~~~~~~~~~~~~~~~~~~~~~~~~~~~~~~~
Error: processing vignette 'TidyConsultant.Rmd' failed with diagnostics:
ℹ In index: 1.
ℹ With name: charges.
Caused by error:
! Can't coerce from an integer to a string.
--- failed re-building ‘TidyConsultant.Rmd’
SUMMARY: processing the following file failed:
‘TidyConsultant.Rmd’
Error: Vignette re-building failed.
Execution halted
Flavors: r-devel-linux-x86_64-fedora-clang, r-devel-linux-x86_64-fedora-gcc, r-devel-windows-x86_64, r-release-windows-x86_64, r-oldrel-windows-x86_64
These binaries (installable software) and packages are in development.
They may not be fully stable and should be used with caution. We make no claims about them.
Health stats visible at Monitor.