Last updated on 2025-11-19 11:53:28 CET.
| Flavor | Version | Tinstall | Tcheck | Ttotal | Status | Flags |
|---|---|---|---|---|---|---|
| r-devel-linux-x86_64-debian-clang | 0.2.0 | 1.67 | 23.90 | 25.57 | ERROR | |
| r-devel-linux-x86_64-debian-gcc | 0.2.0 | 1.43 | 19.68 | 21.11 | ERROR | |
| r-devel-linux-x86_64-fedora-clang | 0.2.0 | 35.54 | ERROR | |||
| r-devel-linux-x86_64-fedora-gcc | 0.2.0 | 35.66 | ERROR | |||
| r-devel-windows-x86_64 | 0.2.0 | 6.00 | 99.00 | 105.00 | OK | |
| r-patched-linux-x86_64 | 0.2.0 | 1.78 | 21.10 | 22.88 | OK | |
| r-release-linux-x86_64 | 0.2.0 | 1.55 | 21.35 | 22.90 | ERROR | |
| r-release-macos-arm64 | 0.2.0 | 1.00 | 34.00 | 35.00 | OK | |
| r-release-macos-x86_64 | 0.2.0 | 2.00 | 40.00 | 42.00 | OK | |
| r-release-windows-x86_64 | 0.2.0 | 4.00 | 39.00 | 43.00 | OK | |
| r-oldrel-macos-arm64 | 0.2.0 | 1.00 | 19.00 | 20.00 | NOTE | |
| r-oldrel-macos-x86_64 | 0.2.0 | 1.00 | 30.00 | 31.00 | NOTE | |
| r-oldrel-windows-x86_64 | 0.2.0 | 4.00 | 47.00 | 51.00 | NOTE |
Version: 0.2.0
Check: tests
Result: ERROR
Running ‘testthat.R’ [1s/2s]
Running the tests in ‘tests/testthat.R’ failed.
Complete output:
> library(testthat)
> library(ThankYouStars)
>
> test_check("ThankYouStars")
Saving _problems/test-starring-12.R
[ FAIL 1 | WARN 0 | SKIP 0 | PASS 0 ]
══ Failed tests ════════════════════════════════════════════════════════════════
── Error ('test-starring.R:3:1'): (code run outside of `test_that()`) ──────────
<lifecycle_error_deprecated/defunctError/rlang_error/error/condition>
Error: `with_mock()` was deprecated in testthat 3.2.0 and is now defunct.
ℹ Please use `with_mocked_bindings()` instead.
Backtrace:
▆
1. └─testthat::with_mock(...) at test-starring.R:3:1
2. └─lifecycle::deprecate_stop("3.2.0", "with_mock()", "with_mocked_bindings()")
3. └─lifecycle:::deprecate_stop0(msg)
4. └─rlang::cnd_signal(...)
[ FAIL 1 | WARN 0 | SKIP 0 | PASS 0 ]
Error:
! Test failures.
Execution halted
Flavor: r-devel-linux-x86_64-debian-clang
Version: 0.2.0
Check: tests
Result: ERROR
Running ‘testthat.R’ [1s/1s]
Running the tests in ‘tests/testthat.R’ failed.
Complete output:
> library(testthat)
> library(ThankYouStars)
>
> test_check("ThankYouStars")
Saving _problems/test-starring-12.R
[ FAIL 1 | WARN 0 | SKIP 0 | PASS 0 ]
══ Failed tests ════════════════════════════════════════════════════════════════
── Error ('test-starring.R:3:1'): (code run outside of `test_that()`) ──────────
<lifecycle_error_deprecated/defunctError/rlang_error/error/condition>
Error: `with_mock()` was deprecated in testthat 3.2.0 and is now defunct.
ℹ Please use `with_mocked_bindings()` instead.
Backtrace:
▆
1. └─testthat::with_mock(...) at test-starring.R:3:1
2. └─lifecycle::deprecate_stop("3.2.0", "with_mock()", "with_mocked_bindings()")
3. └─lifecycle:::deprecate_stop0(msg)
4. └─rlang::cnd_signal(...)
[ FAIL 1 | WARN 0 | SKIP 0 | PASS 0 ]
Error:
! Test failures.
Execution halted
Flavors: r-devel-linux-x86_64-debian-gcc, r-release-linux-x86_64
Version: 0.2.0
Check: tests
Result: ERROR
Running ‘testthat.R’
Running the tests in ‘tests/testthat.R’ failed.
Complete output:
> library(testthat)
> library(ThankYouStars)
>
> test_check("ThankYouStars")
Saving _problems/test-starring-12.R
[ FAIL 1 | WARN 0 | SKIP 0 | PASS 0 ]
══ Failed tests ════════════════════════════════════════════════════════════════
── Error ('test-starring.R:3:1'): (code run outside of `test_that()`) ──────────
<lifecycle_error_deprecated/defunctError/rlang_error/error/condition>
Error: `with_mock()` was deprecated in testthat 3.2.0 and is now defunct.
ℹ Please use `with_mocked_bindings()` instead.
Backtrace:
▆
1. └─testthat::with_mock(...) at test-starring.R:3:1
2. └─lifecycle::deprecate_stop("3.2.0", "with_mock()", "with_mocked_bindings()")
3. └─lifecycle:::deprecate_stop0(msg)
4. └─rlang::cnd_signal(...)
[ FAIL 1 | WARN 0 | SKIP 0 | PASS 0 ]
Error:
! Test failures.
Execution halted
Flavors: r-devel-linux-x86_64-fedora-clang, r-devel-linux-x86_64-fedora-gcc
Version: 0.2.0
Check: LazyData
Result: NOTE
'LazyData' is specified without a 'data' directory
Flavors: r-oldrel-macos-arm64, r-oldrel-macos-x86_64, r-oldrel-windows-x86_64
These binaries (installable software) and packages are in development.
They may not be fully stable and should be used with caution. We make no claims about them.
Health stats visible at Monitor.