CRAN Package Check Results for Package SGP

Last updated on 2025-10-30 01:50:16 CET.

Flavor Version Tinstall Tcheck Ttotal Status Flags
r-devel-linux-x86_64-debian-clang 2.2-0.0 61.67 249.86 311.53 NOTE
r-devel-linux-x86_64-debian-gcc 2.2-0.0 37.56 159.59 197.15 NOTE
r-devel-linux-x86_64-fedora-clang 2.2-0.0 279.00 237.44 516.44 NOTE
r-devel-linux-x86_64-fedora-gcc 2.2-0.0 276.00 225.86 501.86 NOTE
r-devel-windows-x86_64 2.2-0.0 59.00 201.00 260.00 OK
r-patched-linux-x86_64 2.2-0.0 61.13 233.05 294.18 OK
r-release-linux-x86_64 2.2-0.0 62.74 234.27 297.01 OK
r-release-macos-arm64 2.2-0.0 28.00 92.00 120.00 OK
r-release-macos-x86_64 2.2-0.0 57.00 181.00 238.00 OK
r-release-windows-x86_64 2.2-0.0 61.00 205.00 266.00 OK
r-oldrel-macos-arm64 2.2-0.0 23.00 63.00 86.00 OK
r-oldrel-macos-x86_64 2.2-0.0 43.00 107.00 150.00 OK
r-oldrel-windows-x86_64 2.2-0.0 82.00 274.00 356.00 OK

Check Details

Version: 2.2-0.0
Check: Rd files
Result: NOTE checkRd: (-1) summarizeSGP.Rd:63-75: Only 2 columns allowed in this table (row 11 has 1) Flavors: r-devel-linux-x86_64-debian-clang, r-devel-linux-x86_64-debian-gcc, r-devel-linux-x86_64-fedora-clang, r-devel-linux-x86_64-fedora-gcc

These binaries (installable software) and packages are in development.
They may not be fully stable and should be used with caution. We make no claims about them.
Health stats visible at Monitor.