Last updated on 2025-11-20 23:50:27 CET.
| Flavor | Version | Tinstall | Tcheck | Ttotal | Status | Flags |
|---|---|---|---|---|---|---|
| r-devel-linux-x86_64-debian-clang | 2.6.4 | 6.04 | 75.85 | 81.89 | OK | |
| r-devel-linux-x86_64-debian-gcc | 2.6.4 | 3.94 | 54.78 | 58.72 | OK | |
| r-devel-linux-x86_64-fedora-clang | 2.6.4 | 13.00 | 109.98 | 122.98 | OK | |
| r-devel-linux-x86_64-fedora-gcc | 2.6.4 | 35.00 | 102.95 | 137.95 | OK | |
| r-devel-windows-x86_64 | 2.6.4 | 13.00 | 111.00 | 124.00 | NOTE | |
| r-patched-linux-x86_64 | 2.6.4 | 5.85 | 67.65 | 73.50 | OK | |
| r-release-linux-x86_64 | 2.6.4 | 5.89 | 67.31 | 73.20 | OK | |
| r-release-macos-arm64 | 2.6.4 | OK | ||||
| r-release-macos-x86_64 | 2.6.4 | 5.00 | 107.00 | 112.00 | OK | |
| r-release-windows-x86_64 | 2.6.4 | 9.00 | 116.00 | 125.00 | NOTE | |
| r-oldrel-macos-arm64 | 2.6.4 | OK | ||||
| r-oldrel-macos-x86_64 | 2.6.4 | 4.00 | 119.00 | 123.00 | OK | |
| r-oldrel-windows-x86_64 | 2.6.4 | 12.00 | 130.00 | 142.00 | OK |
Version: 2.6.4
Check: Rd files
Result: NOTE
checkRd: (-1) insert_ref.Rd:117-121: Only 3 columns allowed in this table (row 1 has 2)
checkRd: (-1) insert_ref.Rd:117-121: Only 3 columns allowed in this table (row 2 has 2)
checkRd: (-1) insert_ref.Rd:117-121: Only 3 columns allowed in this table (row 3 has 2)
checkRd: (-1) predefined.Rd:66-85: Only 12 columns allowed in this table (row 1 has 6)
checkRd: (-1) predefined.Rd:66-85: Only 12 columns allowed in this table (row 2 has 6)
checkRd: (-1) predefined.Rd:66-85: Only 12 columns allowed in this table (row 3 has 6)
checkRd: (-1) predefined.Rd:66-85: Only 12 columns allowed in this table (row 4 has 6)
checkRd: (-1) predefined.Rd:66-85: Only 12 columns allowed in this table (row 5 has 6)
checkRd: (-1) predefined.Rd:66-85: Only 12 columns allowed in this table (row 6 has 6)
checkRd: (-1) predefined.Rd:66-85: Only 12 columns allowed in this table (row 7 has 6)
checkRd: (-1) predefined.Rd:66-85: Only 12 columns allowed in this table (row 8 has 6)
checkRd: (-1) predefined.Rd:66-85: Only 12 columns allowed in this table (row 9 has 6)
checkRd: (-1) predefined.Rd:66-85: Only 12 columns allowed in this table (row 10 has 6)
checkRd: (-1) predefined.Rd:89-94: Only 5 columns allowed in this table (row 6 has 3)
Flavor: r-devel-windows-x86_64
Version: 2.6.4
Check: package subdirectories
Result: NOTE
Found the following CITATION file in a non-standard place:
Rdpack/inst/CITATION
Most likely 'inst/CITATION' should be used instead.
Flavor: r-release-windows-x86_64
These binaries (installable software) and packages are in development.
They may not be fully stable and should be used with caution. We make no claims about them.
Health stats visible at Monitor.