Last updated on 2024-05-11 11:48:29 CEST.
Flavor | Version | Tinstall | Tcheck | Ttotal | Status | Flags |
---|---|---|---|---|---|---|
r-devel-linux-x86_64-debian-clang | 1.3.7 | 8.19 | 65.51 | 73.70 | NOTE | |
r-devel-linux-x86_64-debian-gcc | 1.3.7 | 4.91 | 48.47 | 53.38 | NOTE | |
r-devel-linux-x86_64-fedora-clang | 1.3.7 | 89.18 | NOTE | |||
r-devel-linux-x86_64-fedora-gcc | 1.3.7 | 126.01 | NOTE | |||
r-devel-windows-x86_64 | 1.3.7 | 7.00 | 78.00 | 85.00 | NOTE | |
r-patched-linux-x86_64 | 1.3.7 | 13.28 | 61.76 | 75.04 | NOTE | |
r-release-linux-x86_64 | 1.3.7 | 7.90 | 62.33 | 70.23 | NOTE | |
r-release-macos-arm64 | 1.3.7 | 31.00 | NOTE | |||
r-release-windows-x86_64 | 1.3.7 | 8.00 | 78.00 | 86.00 | NOTE | |
r-oldrel-macos-arm64 | 1.3.7 | 33.00 | OK | |||
r-oldrel-macos-x86_64 | 1.3.7 | 51.00 | OK | |||
r-oldrel-windows-x86_64 | 1.3.7 | 9.00 | 86.00 | 95.00 | OK |
Version: 1.3.7
Check: Rd files
Result: NOTE
checkRd: (-1) ComprehensiveTemperatureGenerator.Rd:68: Lost braces; missing escapes or markup?
68 | \item{exogen_all}{data frame containing exogenous variable formatted like \code{Tx_all} and {Tn_all}. Default is \code{NULL}.
| ^
checkRd: (-1) qqplot_RMAWGEN_Tx.Rd:70: Lost braces; missing escapes or markup?
70 | \code{Tx_gen},{Tn_gen} and \code{main} must have an even number of elements.
| ^
Flavors: r-devel-linux-x86_64-debian-clang, r-devel-linux-x86_64-debian-gcc, r-devel-linux-x86_64-fedora-clang, r-devel-linux-x86_64-fedora-gcc, r-devel-windows-x86_64, r-patched-linux-x86_64, r-release-linux-x86_64, r-release-macos-arm64, r-release-windows-x86_64
These binaries (installable software) and packages are in development.
They may not be fully stable and should be used with caution. We make no claims about them.
Health stats visible at Monitor.