Last updated on 2025-11-19 13:50:15 CET.
| Flavor | Version | Tinstall | Tcheck | Ttotal | Status | Flags |
|---|---|---|---|---|---|---|
| r-devel-linux-x86_64-debian-clang | 1.0.0 | 2.70 | 34.31 | 37.01 | ERROR | |
| r-devel-linux-x86_64-debian-gcc | 1.0.0 | 1.97 | 26.86 | 28.83 | ERROR | |
| r-devel-linux-x86_64-fedora-clang | 1.0.0 | 52.75 | ERROR | |||
| r-devel-linux-x86_64-fedora-gcc | 1.0.0 | 12.00 | 41.20 | 53.20 | ERROR | |
| r-devel-windows-x86_64 | 1.0.0 | 5.00 | 58.00 | 63.00 | OK | |
| r-patched-linux-x86_64 | 1.0.0 | 2.76 | 31.71 | 34.47 | OK | |
| r-release-linux-x86_64 | 1.0.0 | 2.44 | 31.38 | 33.82 | ERROR | |
| r-release-macos-arm64 | 1.0.0 | OK | ||||
| r-release-macos-x86_64 | 1.0.0 | 2.00 | 92.00 | 94.00 | OK | |
| r-release-windows-x86_64 | 1.0.0 | 4.00 | 56.00 | 60.00 | OK | |
| r-oldrel-macos-arm64 | 1.0.0 | OK | ||||
| r-oldrel-macos-x86_64 | 1.0.0 | 2.00 | 52.00 | 54.00 | OK | |
| r-oldrel-windows-x86_64 | 1.0.0 | 5.00 | 63.00 | 68.00 | OK |
Version: 1.0.0
Check: tests
Result: ERROR
Running ‘testthat.R’ [3s/4s]
Running the tests in ‘tests/testthat.R’ failed.
Complete output:
> library(testthat)
> test_check("NasdaqDataLink")
Loading required package: NasdaqDataLink
Loading required package: xts
Loading required package: zoo
Attaching package: 'zoo'
The following objects are masked from 'package:base':
as.Date, as.Date.numeric
Saving _problems/test-api-16.R
Saving _problems/test-database-21.R
Saving _problems/test-datatable-22.R
Saving _problems/test-get-38.R
Saving _problems/test-pointintime-22.R
Saving _problems/test-search-18.R
[ FAIL 6 | WARN 0 | SKIP 2 | PASS 4 ]
══ Skipped tests (2) ═══════════════════════════════════════════════════════════
• empty test (2): ,
══ Failed tests ════════════════════════════════════════════════════════════════
── Error ('test-api.r:6:1'): (code run outside of `test_that()`) ───────────────
<lifecycle_error_deprecated/defunctError/rlang_error/error/condition>
Error: `with_mock()` was deprecated in testthat 3.2.0 and is now defunct.
ℹ Please use `with_mocked_bindings()` instead.
Backtrace:
▆
1. └─testthat::with_mock(...) at test-api.r:6:1
2. └─lifecycle::deprecate_stop("3.2.0", "with_mock()", "with_mocked_bindings()")
3. └─lifecycle:::deprecate_stop0(msg)
4. └─rlang::cnd_signal(...)
── Error ('test-database.r:11:1'): (code run outside of `test_that()`) ─────────
<lifecycle_error_deprecated/defunctError/rlang_error/error/condition>
Error: `with_mock()` was deprecated in testthat 3.2.0 and is now defunct.
ℹ Please use `with_mocked_bindings()` instead.
Backtrace:
▆
1. └─testthat::with_mock(...) at test-database.r:11:1
2. └─lifecycle::deprecate_stop("3.2.0", "with_mock()", "with_mocked_bindings()")
3. └─lifecycle:::deprecate_stop0(msg)
4. └─rlang::cnd_signal(...)
── Error ('test-datatable.r:8:1'): (code run outside of `test_that()`) ─────────
<lifecycle_error_deprecated/defunctError/rlang_error/error/condition>
Error: `with_mock()` was deprecated in testthat 3.2.0 and is now defunct.
ℹ Please use `with_mocked_bindings()` instead.
Backtrace:
▆
1. └─testthat::with_mock(...) at test-datatable.r:8:1
2. └─lifecycle::deprecate_stop("3.2.0", "with_mock()", "with_mocked_bindings()")
3. └─lifecycle:::deprecate_stop0(msg)
4. └─rlang::cnd_signal(...)
── Error ('test-get.r:23:1'): (code run outside of `test_that()`) ──────────────
<lifecycle_error_deprecated/defunctError/rlang_error/error/condition>
Error: `with_mock()` was deprecated in testthat 3.2.0 and is now defunct.
ℹ Please use `with_mocked_bindings()` instead.
Backtrace:
▆
1. └─testthat::with_mock(...) at test-get.r:23:1
2. └─lifecycle::deprecate_stop("3.2.0", "with_mock()", "with_mocked_bindings()")
3. └─lifecycle:::deprecate_stop0(msg)
4. └─rlang::cnd_signal(...)
── Error ('test-pointintime.r:8:1'): (code run outside of `test_that()`) ───────
<lifecycle_error_deprecated/defunctError/rlang_error/error/condition>
Error: `with_mock()` was deprecated in testthat 3.2.0 and is now defunct.
ℹ Please use `with_mocked_bindings()` instead.
Backtrace:
▆
1. └─testthat::with_mock(...) at test-pointintime.r:8:1
2. └─lifecycle::deprecate_stop("3.2.0", "with_mock()", "with_mocked_bindings()")
3. └─lifecycle:::deprecate_stop0(msg)
4. └─rlang::cnd_signal(...)
── Error ('test-search.r:4:1'): (code run outside of `test_that()`) ────────────
<lifecycle_error_deprecated/defunctError/rlang_error/error/condition>
Error: `with_mock()` was deprecated in testthat 3.2.0 and is now defunct.
ℹ Please use `with_mocked_bindings()` instead.
Backtrace:
▆
1. └─testthat::with_mock(...) at test-search.r:4:1
2. └─lifecycle::deprecate_stop("3.2.0", "with_mock()", "with_mocked_bindings()")
3. └─lifecycle:::deprecate_stop0(msg)
4. └─rlang::cnd_signal(...)
[ FAIL 6 | WARN 0 | SKIP 2 | PASS 4 ]
Error:
! Test failures.
Execution halted
Flavors: r-devel-linux-x86_64-debian-clang, r-release-linux-x86_64
Version: 1.0.0
Check: tests
Result: ERROR
Running ‘testthat.R’ [2s/2s]
Running the tests in ‘tests/testthat.R’ failed.
Complete output:
> library(testthat)
> test_check("NasdaqDataLink")
Loading required package: NasdaqDataLink
Loading required package: xts
Loading required package: zoo
Attaching package: 'zoo'
The following objects are masked from 'package:base':
as.Date, as.Date.numeric
Saving _problems/test-api-16.R
Saving _problems/test-database-21.R
Saving _problems/test-datatable-22.R
Saving _problems/test-get-38.R
Saving _problems/test-pointintime-22.R
Saving _problems/test-search-18.R
[ FAIL 6 | WARN 0 | SKIP 2 | PASS 4 ]
══ Skipped tests (2) ═══════════════════════════════════════════════════════════
• empty test (2): ,
══ Failed tests ════════════════════════════════════════════════════════════════
── Error ('test-api.r:6:1'): (code run outside of `test_that()`) ───────────────
<lifecycle_error_deprecated/defunctError/rlang_error/error/condition>
Error: `with_mock()` was deprecated in testthat 3.2.0 and is now defunct.
ℹ Please use `with_mocked_bindings()` instead.
Backtrace:
▆
1. └─testthat::with_mock(...) at test-api.r:6:1
2. └─lifecycle::deprecate_stop("3.2.0", "with_mock()", "with_mocked_bindings()")
3. └─lifecycle:::deprecate_stop0(msg)
4. └─rlang::cnd_signal(...)
── Error ('test-database.r:11:1'): (code run outside of `test_that()`) ─────────
<lifecycle_error_deprecated/defunctError/rlang_error/error/condition>
Error: `with_mock()` was deprecated in testthat 3.2.0 and is now defunct.
ℹ Please use `with_mocked_bindings()` instead.
Backtrace:
▆
1. └─testthat::with_mock(...) at test-database.r:11:1
2. └─lifecycle::deprecate_stop("3.2.0", "with_mock()", "with_mocked_bindings()")
3. └─lifecycle:::deprecate_stop0(msg)
4. └─rlang::cnd_signal(...)
── Error ('test-datatable.r:8:1'): (code run outside of `test_that()`) ─────────
<lifecycle_error_deprecated/defunctError/rlang_error/error/condition>
Error: `with_mock()` was deprecated in testthat 3.2.0 and is now defunct.
ℹ Please use `with_mocked_bindings()` instead.
Backtrace:
▆
1. └─testthat::with_mock(...) at test-datatable.r:8:1
2. └─lifecycle::deprecate_stop("3.2.0", "with_mock()", "with_mocked_bindings()")
3. └─lifecycle:::deprecate_stop0(msg)
4. └─rlang::cnd_signal(...)
── Error ('test-get.r:23:1'): (code run outside of `test_that()`) ──────────────
<lifecycle_error_deprecated/defunctError/rlang_error/error/condition>
Error: `with_mock()` was deprecated in testthat 3.2.0 and is now defunct.
ℹ Please use `with_mocked_bindings()` instead.
Backtrace:
▆
1. └─testthat::with_mock(...) at test-get.r:23:1
2. └─lifecycle::deprecate_stop("3.2.0", "with_mock()", "with_mocked_bindings()")
3. └─lifecycle:::deprecate_stop0(msg)
4. └─rlang::cnd_signal(...)
── Error ('test-pointintime.r:8:1'): (code run outside of `test_that()`) ───────
<lifecycle_error_deprecated/defunctError/rlang_error/error/condition>
Error: `with_mock()` was deprecated in testthat 3.2.0 and is now defunct.
ℹ Please use `with_mocked_bindings()` instead.
Backtrace:
▆
1. └─testthat::with_mock(...) at test-pointintime.r:8:1
2. └─lifecycle::deprecate_stop("3.2.0", "with_mock()", "with_mocked_bindings()")
3. └─lifecycle:::deprecate_stop0(msg)
4. └─rlang::cnd_signal(...)
── Error ('test-search.r:4:1'): (code run outside of `test_that()`) ────────────
<lifecycle_error_deprecated/defunctError/rlang_error/error/condition>
Error: `with_mock()` was deprecated in testthat 3.2.0 and is now defunct.
ℹ Please use `with_mocked_bindings()` instead.
Backtrace:
▆
1. └─testthat::with_mock(...) at test-search.r:4:1
2. └─lifecycle::deprecate_stop("3.2.0", "with_mock()", "with_mocked_bindings()")
3. └─lifecycle:::deprecate_stop0(msg)
4. └─rlang::cnd_signal(...)
[ FAIL 6 | WARN 0 | SKIP 2 | PASS 4 ]
Error:
! Test failures.
Execution halted
Flavor: r-devel-linux-x86_64-debian-gcc
Version: 1.0.0
Check: tests
Result: ERROR
Running ‘testthat.R’
Running the tests in ‘tests/testthat.R’ failed.
Complete output:
> library(testthat)
> test_check("NasdaqDataLink")
Loading required package: NasdaqDataLink
Loading required package: xts
Loading required package: zoo
Attaching package: 'zoo'
The following objects are masked from 'package:base':
as.Date, as.Date.numeric
Saving _problems/test-api-16.R
Saving _problems/test-database-21.R
Saving _problems/test-datatable-22.R
Saving _problems/test-get-38.R
Saving _problems/test-pointintime-22.R
Saving _problems/test-search-18.R
[ FAIL 6 | WARN 0 | SKIP 2 | PASS 4 ]
══ Skipped tests (2) ═══════════════════════════════════════════════════════════
• empty test (2): ,
══ Failed tests ════════════════════════════════════════════════════════════════
── Error ('test-api.r:6:1'): (code run outside of `test_that()`) ───────────────
<lifecycle_error_deprecated/defunctError/rlang_error/error/condition>
Error: `with_mock()` was deprecated in testthat 3.2.0 and is now defunct.
ℹ Please use `with_mocked_bindings()` instead.
Backtrace:
▆
1. └─testthat::with_mock(...) at test-api.r:6:1
2. └─lifecycle::deprecate_stop("3.2.0", "with_mock()", "with_mocked_bindings()")
3. └─lifecycle:::deprecate_stop0(msg)
4. └─rlang::cnd_signal(...)
── Error ('test-database.r:11:1'): (code run outside of `test_that()`) ─────────
<lifecycle_error_deprecated/defunctError/rlang_error/error/condition>
Error: `with_mock()` was deprecated in testthat 3.2.0 and is now defunct.
ℹ Please use `with_mocked_bindings()` instead.
Backtrace:
▆
1. └─testthat::with_mock(...) at test-database.r:11:1
2. └─lifecycle::deprecate_stop("3.2.0", "with_mock()", "with_mocked_bindings()")
3. └─lifecycle:::deprecate_stop0(msg)
4. └─rlang::cnd_signal(...)
── Error ('test-datatable.r:8:1'): (code run outside of `test_that()`) ─────────
<lifecycle_error_deprecated/defunctError/rlang_error/error/condition>
Error: `with_mock()` was deprecated in testthat 3.2.0 and is now defunct.
ℹ Please use `with_mocked_bindings()` instead.
Backtrace:
▆
1. └─testthat::with_mock(...) at test-datatable.r:8:1
2. └─lifecycle::deprecate_stop("3.2.0", "with_mock()", "with_mocked_bindings()")
3. └─lifecycle:::deprecate_stop0(msg)
4. └─rlang::cnd_signal(...)
── Error ('test-get.r:23:1'): (code run outside of `test_that()`) ──────────────
<lifecycle_error_deprecated/defunctError/rlang_error/error/condition>
Error: `with_mock()` was deprecated in testthat 3.2.0 and is now defunct.
ℹ Please use `with_mocked_bindings()` instead.
Backtrace:
▆
1. └─testthat::with_mock(...) at test-get.r:23:1
2. └─lifecycle::deprecate_stop("3.2.0", "with_mock()", "with_mocked_bindings()")
3. └─lifecycle:::deprecate_stop0(msg)
4. └─rlang::cnd_signal(...)
── Error ('test-pointintime.r:8:1'): (code run outside of `test_that()`) ───────
<lifecycle_error_deprecated/defunctError/rlang_error/error/condition>
Error: `with_mock()` was deprecated in testthat 3.2.0 and is now defunct.
ℹ Please use `with_mocked_bindings()` instead.
Backtrace:
▆
1. └─testthat::with_mock(...) at test-pointintime.r:8:1
2. └─lifecycle::deprecate_stop("3.2.0", "with_mock()", "with_mocked_bindings()")
3. └─lifecycle:::deprecate_stop0(msg)
4. └─rlang::cnd_signal(...)
── Error ('test-search.r:4:1'): (code run outside of `test_that()`) ────────────
<lifecycle_error_deprecated/defunctError/rlang_error/error/condition>
Error: `with_mock()` was deprecated in testthat 3.2.0 and is now defunct.
ℹ Please use `with_mocked_bindings()` instead.
Backtrace:
▆
1. └─testthat::with_mock(...) at test-search.r:4:1
2. └─lifecycle::deprecate_stop("3.2.0", "with_mock()", "with_mocked_bindings()")
3. └─lifecycle:::deprecate_stop0(msg)
4. └─rlang::cnd_signal(...)
[ FAIL 6 | WARN 0 | SKIP 2 | PASS 4 ]
Error:
! Test failures.
Execution halted
Flavor: r-devel-linux-x86_64-fedora-clang
Version: 1.0.0
Check: tests
Result: ERROR
Running ‘testthat.R’ [5s/14s]
Running the tests in ‘tests/testthat.R’ failed.
Complete output:
> library(testthat)
> test_check("NasdaqDataLink")
Loading required package: NasdaqDataLink
Loading required package: xts
Loading required package: zoo
Attaching package: 'zoo'
The following objects are masked from 'package:base':
as.Date, as.Date.numeric
Saving _problems/test-api-16.R
Saving _problems/test-database-21.R
Saving _problems/test-datatable-22.R
Saving _problems/test-get-38.R
Saving _problems/test-pointintime-22.R
Saving _problems/test-search-18.R
[ FAIL 6 | WARN 0 | SKIP 2 | PASS 4 ]
══ Skipped tests (2) ═══════════════════════════════════════════════════════════
• empty test (2): ,
══ Failed tests ════════════════════════════════════════════════════════════════
── Error ('test-api.r:6:1'): (code run outside of `test_that()`) ───────────────
<lifecycle_error_deprecated/defunctError/rlang_error/error/condition>
Error: `with_mock()` was deprecated in testthat 3.2.0 and is now defunct.
ℹ Please use `with_mocked_bindings()` instead.
Backtrace:
▆
1. └─testthat::with_mock(...) at test-api.r:6:1
2. └─lifecycle::deprecate_stop("3.2.0", "with_mock()", "with_mocked_bindings()")
3. └─lifecycle:::deprecate_stop0(msg)
4. └─rlang::cnd_signal(...)
── Error ('test-database.r:11:1'): (code run outside of `test_that()`) ─────────
<lifecycle_error_deprecated/defunctError/rlang_error/error/condition>
Error: `with_mock()` was deprecated in testthat 3.2.0 and is now defunct.
ℹ Please use `with_mocked_bindings()` instead.
Backtrace:
▆
1. └─testthat::with_mock(...) at test-database.r:11:1
2. └─lifecycle::deprecate_stop("3.2.0", "with_mock()", "with_mocked_bindings()")
3. └─lifecycle:::deprecate_stop0(msg)
4. └─rlang::cnd_signal(...)
── Error ('test-datatable.r:8:1'): (code run outside of `test_that()`) ─────────
<lifecycle_error_deprecated/defunctError/rlang_error/error/condition>
Error: `with_mock()` was deprecated in testthat 3.2.0 and is now defunct.
ℹ Please use `with_mocked_bindings()` instead.
Backtrace:
▆
1. └─testthat::with_mock(...) at test-datatable.r:8:1
2. └─lifecycle::deprecate_stop("3.2.0", "with_mock()", "with_mocked_bindings()")
3. └─lifecycle:::deprecate_stop0(msg)
4. └─rlang::cnd_signal(...)
── Error ('test-get.r:23:1'): (code run outside of `test_that()`) ──────────────
<lifecycle_error_deprecated/defunctError/rlang_error/error/condition>
Error: `with_mock()` was deprecated in testthat 3.2.0 and is now defunct.
ℹ Please use `with_mocked_bindings()` instead.
Backtrace:
▆
1. └─testthat::with_mock(...) at test-get.r:23:1
2. └─lifecycle::deprecate_stop("3.2.0", "with_mock()", "with_mocked_bindings()")
3. └─lifecycle:::deprecate_stop0(msg)
4. └─rlang::cnd_signal(...)
── Error ('test-pointintime.r:8:1'): (code run outside of `test_that()`) ───────
<lifecycle_error_deprecated/defunctError/rlang_error/error/condition>
Error: `with_mock()` was deprecated in testthat 3.2.0 and is now defunct.
ℹ Please use `with_mocked_bindings()` instead.
Backtrace:
▆
1. └─testthat::with_mock(...) at test-pointintime.r:8:1
2. └─lifecycle::deprecate_stop("3.2.0", "with_mock()", "with_mocked_bindings()")
3. └─lifecycle:::deprecate_stop0(msg)
4. └─rlang::cnd_signal(...)
── Error ('test-search.r:4:1'): (code run outside of `test_that()`) ────────────
<lifecycle_error_deprecated/defunctError/rlang_error/error/condition>
Error: `with_mock()` was deprecated in testthat 3.2.0 and is now defunct.
ℹ Please use `with_mocked_bindings()` instead.
Backtrace:
▆
1. └─testthat::with_mock(...) at test-search.r:4:1
2. └─lifecycle::deprecate_stop("3.2.0", "with_mock()", "with_mocked_bindings()")
3. └─lifecycle:::deprecate_stop0(msg)
4. └─rlang::cnd_signal(...)
[ FAIL 6 | WARN 0 | SKIP 2 | PASS 4 ]
Error:
! Test failures.
Execution halted
Flavor: r-devel-linux-x86_64-fedora-gcc
These binaries (installable software) and packages are in development.
They may not be fully stable and should be used with caution. We make no claims about them.
Health stats visible at Monitor.