Last updated on 2025-11-20 01:48:38 CET.
| Flavor | Version | Tinstall | Tcheck | Ttotal | Status | Flags |
|---|---|---|---|---|---|---|
| r-devel-linux-x86_64-debian-clang | 1.0.2 | 14.38 | 108.29 | 122.67 | NOTE | |
| r-devel-linux-x86_64-debian-gcc | 1.0.2 | 9.32 | 78.95 | 88.27 | NOTE | |
| r-devel-linux-x86_64-fedora-clang | 1.0.2 | 34.00 | 162.13 | 196.13 | OK | |
| r-devel-linux-x86_64-fedora-gcc | 1.0.2 | 47.00 | 135.02 | 182.02 | OK | |
| r-devel-windows-x86_64 | 1.0.2 | 18.00 | 113.00 | 131.00 | OK | |
| r-patched-linux-x86_64 | 1.0.2 | 13.59 | 101.47 | 115.06 | OK | |
| r-release-linux-x86_64 | 1.0.2 | 13.51 | 101.11 | 114.62 | OK | |
| r-release-macos-arm64 | 1.0.2 | OK | ||||
| r-release-macos-x86_64 | 1.0.2 | 14.00 | 98.00 | 112.00 | OK | |
| r-release-windows-x86_64 | 1.0.2 | 14.00 | 113.00 | 127.00 | OK | |
| r-oldrel-macos-arm64 | 1.0.2 | OK | ||||
| r-oldrel-macos-x86_64 | 1.0.2 | 8.00 | 57.00 | 65.00 | OK | |
| r-oldrel-windows-x86_64 | 1.0.2 | 1.00 | 9.00 | 10.00 | ERROR |
Version: 1.0.2
Check: CRAN incoming feasibility
Result: NOTE
Maintainer: ‘Erin M. Buchanan <buchananlab@gmail.com>’
Found the following \keyword or \concept entries
which likely give several index terms:
File ‘apa.Rd’:
\keyword{APA,}
\keyword{decimals,}
File ‘d.dep.t.avg.Rd’:
\keyword{average,}
\keyword{d,}
\keyword{paired-sample,}
\keyword{size,}
\keyword{t-test,}
File ‘d.dep.t.diff.Rd’:
\keyword{size,}
File ‘d.dep.t.diff.t.Rd’:
\keyword{measures,}
\keyword{sample,}
\keyword{size,}
\keyword{t-test,}
File ‘d.dep.t.rm.Rd’:
\keyword{d,}
\keyword{measures,}
\keyword{paired-sample,}
\keyword{size,}
\keyword{t-test,}
File ‘d.ind.t.Rd’:
\keyword{between-subjects,}
\keyword{deviation,}
\keyword{size,}
\keyword{t,}
File ‘d.ind.t.t.Rd’:
\keyword{size,}
File ‘d.prop.Rd’:
\keyword{proportions,}
\keyword{size,}
\keyword{test,}
File ‘d.single.t.Rd’:
\keyword{mean,}
\keyword{mu,}
\keyword{single-sample,}
\keyword{size,}
\keyword{t,}
\keyword{u,}
File ‘d.single.t.t.Rd’:
\keyword{size,}
File ‘d.to.r.Rd’:
\keyword{size,}
File ‘d.z.mean.Rd’:
\keyword{size,}
File ‘d.z.z.Rd’:
\keyword{size,}
File ‘delta.ind.t.Rd’:
\keyword{delta,}
\keyword{size,}
File ‘epsilon.full.SS.Rd’:
\keyword{epsilon,}
\keyword{size,}
File ‘eta.F.Rd’:
\keyword{eta,}
\keyword{size,}
File ‘eta.full.SS.Rd’:
\keyword{eta,}
\keyword{size,}
File ‘eta.partial.SS.Rd’:
\keyword{eta,}
\keyword{size,}
File ‘g.ind.t.Rd’:
\keyword{size,}
\keyword{t,}
File ‘ges.partial.SS.mix.Rd’:
\keyword{ges,}
\keyword{size,}
File ‘ges.partial.SS.rm.Rd’:
\keyword{ges,}
\keyword{size,}
File ‘odds.Rd’:
\keyword{size,}
File ‘omega.F.Rd’:
\keyword{omega,}
\keyword{size,}
File ‘omega.full.SS.Rd’:
\keyword{omega,}
\keyword{size,}
File ‘omega.gen.SS.rm.Rd’:
\keyword{omega,}
\keyword{size,}
File ‘omega.partial.SS.bn.Rd’:
\keyword{omega,}
\keyword{size,}
File ‘omega.partial.SS.rm.Rd’:
\keyword{omega,}
\keyword{size,}
File ‘r.correl.Rd’:
\keyword{size,}
File ‘v.chi.sq.Rd’:
\keyword{size,}
Flavors: r-devel-linux-x86_64-debian-clang, r-devel-linux-x86_64-debian-gcc
Version: 1.0.2
Check: package dependencies
Result: ERROR
Package required but not available: 'MBESS'
See section 'The DESCRIPTION file' in the 'Writing R Extensions'
manual.
Flavor: r-oldrel-windows-x86_64
These binaries (installable software) and packages are in development.
They may not be fully stable and should be used with caution. We make no claims about them.
Health stats visible at Monitor.