Last updated on 2025-10-30 23:50:10 CET.
| Flavor | Version | Tinstall | Tcheck | Ttotal | Status | Flags | 
|---|---|---|---|---|---|---|
| r-devel-linux-x86_64-debian-clang | 0.90.0 | 5.47 | 53.92 | 59.39 | NOTE | |
| r-devel-linux-x86_64-debian-gcc | 0.90.0 | 3.72 | 37.38 | 41.10 | NOTE | |
| r-devel-linux-x86_64-fedora-clang | 0.90.0 | 11.00 | 85.38 | 96.38 | OK | |
| r-devel-linux-x86_64-fedora-gcc | 0.90.0 | 12.00 | 73.08 | 85.08 | OK | |
| r-devel-windows-x86_64 | 0.90.0 | 8.00 | 64.00 | 72.00 | OK | |
| r-patched-linux-x86_64 | 0.90.0 | 5.06 | 51.08 | 56.14 | OK | |
| r-release-linux-x86_64 | 0.90.0 | 5.61 | 51.21 | 56.82 | OK | |
| r-release-macos-arm64 | 0.90.0 | 3.00 | 31.00 | 34.00 | OK | |
| r-release-macos-x86_64 | 0.90.0 | 5.00 | 48.00 | 53.00 | OK | |
| r-release-windows-x86_64 | 0.90.0 | 9.00 | 66.00 | 75.00 | OK | |
| r-oldrel-macos-arm64 | 0.90.0 | 3.00 | 30.00 | 33.00 | OK | |
| r-oldrel-macos-x86_64 | 0.90.0 | 4.00 | 47.00 | 51.00 | OK | |
| r-oldrel-windows-x86_64 | 0.90.0 | 10.00 | 80.00 | 90.00 | OK | 
Version: 0.90.0
Check: CRAN incoming feasibility
Result: NOTE
  Maintainer: ‘Konrad Krahl <Beratung@Hanseatic-Statistics.de>’
  
  The BugReports field in DESCRIPTION has
    https://github.com/KonradKrahl/HanStat
  which should likely be
    https://github.com/KonradKrahl/HanStat/issues
  instead.
Flavors: r-devel-linux-x86_64-debian-clang, r-devel-linux-x86_64-debian-gcc
These binaries (installable software) and packages are in development.
They may not be fully stable and should be used with caution. We make no claims about them.
Health stats visible at Monitor.