Last updated on 2025-11-20 01:48:31 CET.
| Flavor | Version | Tinstall | Tcheck | Ttotal | Status | Flags |
|---|---|---|---|---|---|---|
| r-devel-linux-x86_64-debian-clang | 1.0.5 | 219.95 | 42.47 | 262.42 | NOTE | |
| r-devel-linux-x86_64-debian-gcc | 1.0.5 | 159.12 | 32.68 | 191.80 | NOTE | |
| r-devel-linux-x86_64-fedora-clang | 1.0.5 | 575.00 | 14.22 | 589.22 | NOTE | |
| r-devel-linux-x86_64-fedora-gcc | 1.0.5 | 142.00 | 383.19 | 525.19 | NOTE | |
| r-devel-windows-x86_64 | 1.0.5 | 347.00 | 87.00 | 434.00 | OK | |
| r-patched-linux-x86_64 | 1.0.5 | 242.02 | 38.96 | 280.98 | OK | |
| r-release-linux-x86_64 | 1.0.5 | 221.76 | 39.15 | 260.91 | OK | |
| r-release-macos-arm64 | 1.0.5 | OK | ||||
| r-release-macos-x86_64 | 1.0.5 | 80.00 | 39.00 | 119.00 | OK | |
| r-release-windows-x86_64 | 1.0.5 | 287.00 | 89.00 | 376.00 | OK | |
| r-oldrel-macos-arm64 | 1.0.5 | NOTE | ||||
| r-oldrel-macos-x86_64 | 1.0.5 | 68.00 | 42.00 | 110.00 | NOTE | |
| r-oldrel-windows-x86_64 | 1.0.5 | 333.00 | 113.00 | 446.00 | OK |
Version: 1.0.5
Check: HTML version of manual
Result: NOTE
Found the following HTML validation problems:
EmiR.html:301:1 (ackley_func.Rd:16): Warning: <script> anchor "MathJax-script" already defined
EmiR.html:386:1 (bohachevsky_func.Rd:16): Warning: <script> anchor "MathJax-script" already defined
EmiR.html:1635:1 (freudenstein_roth_func.Rd:16): Warning: <script> anchor "MathJax-script" already defined
EmiR.html:1725:1 (griewank_func.Rd:16): Warning: <script> anchor "MathJax-script" already defined
EmiR.html:1821:1 (miele_cantrell_func.Rd:16): Warning: <script> anchor "MathJax-script" already defined
EmiR.html:2022:1 (parameters.Rd:16): Warning: <script> anchor "MathJax-script" already defined
EmiR.html:2145:1 (rastrigin_func.Rd:19): Warning: <script> anchor "MathJax-script" already defined
EmiR.html:2175:1 (rosenbrock_func.Rd:16): Warning: <script> anchor "MathJax-script" already defined
EmiR.html:2228:1 (schwefel_func.Rd:16): Warning: <script> anchor "MathJax-script" already defined
EmiR.html:2280:1 (styblinski_tang_func.Rd:16): Warning: <script> anchor "MathJax-script" already defined
Flavors: r-devel-linux-x86_64-debian-clang, r-devel-linux-x86_64-debian-gcc, r-devel-linux-x86_64-fedora-clang, r-devel-linux-x86_64-fedora-gcc
Version: 1.0.5
Check: installed package size
Result: NOTE
installed size is 15.0Mb
sub-directories of 1Mb or more:
libs 14.6Mb
Flavors: r-oldrel-macos-arm64, r-oldrel-macos-x86_64
These binaries (installable software) and packages are in development.
They may not be fully stable and should be used with caution. We make no claims about them.
Health stats visible at Monitor.