Last updated on 2024-05-11 09:51:18 CEST.
Flavor | Version | Tinstall | Tcheck | Ttotal | Status | Flags |
---|---|---|---|---|---|---|
r-devel-linux-x86_64-debian-clang | 0.4-2 | 14.91 | 75.72 | 90.63 | NOTE | |
r-devel-linux-x86_64-debian-gcc | 0.4-2 | 9.12 | 55.08 | 64.20 | NOTE | |
r-devel-linux-x86_64-fedora-clang | 0.4-2 | 106.54 | NOTE | |||
r-devel-linux-x86_64-fedora-gcc | 0.4-2 | 102.74 | NOTE | |||
r-devel-windows-x86_64 | 0.4-2 | 14.00 | 102.00 | 116.00 | NOTE | |
r-patched-linux-x86_64 | 0.4-2 | 26.64 | 70.97 | 97.61 | NOTE | |
r-release-linux-x86_64 | 0.4-2 | 9.57 | 70.57 | 80.14 | NOTE | |
r-release-macos-arm64 | 0.4-2 | 33.00 | NOTE | |||
r-release-windows-x86_64 | 0.4-2 | 14.00 | 110.00 | 124.00 | NOTE | |
r-oldrel-macos-arm64 | 0.4-2 | 38.00 | OK | |||
r-oldrel-macos-x86_64 | 0.4-2 | 58.00 | OK | |||
r-oldrel-windows-x86_64 | 0.4-2 | 17.00 | 120.00 | 137.00 | OK |
Version: 0.4-2
Check: Rd files
Result: NOTE
checkRd: (-1) OCC1950.Rd:64: Lost braces
64 | \doi{10.18128/D010.V10.0}{IPUMS USA: Version 10.0 [dataset]. Minneapolis, MN: IPUMS}.
| ^
checkRd: (-1) Oil.Rd:45: Lost braces
45 | code{pt-pt-1} on a constant
| ^
checkRd: (-1) breaches.Rd:70-74: Lost braces
70 | \code{breach_end}{
| ^
checkRd: (-1) breaches.Rd:75-78: Lost braces
75 | \code{year}{
| ^
checkRd: (-1) nuclearWeaponStates.Rd:82-92: Lost braces in \itemize; meant \describe ?
checkRd: (-1) nuclearWeaponStates.Rd:93-103: Lost braces in \itemize; meant \describe ?
checkRd: (-1) nuclearWeaponStates.Rd:104-127: Lost braces in \itemize; meant \describe ?
checkRd: (-1) nuclearWeaponStates.Rd:128-140: Lost braces in \itemize; meant \describe ?
checkRd: (-1) nuclearWeaponStates.Rd:141-150: Lost braces in \itemize; meant \describe ?
checkRd: (-1) nuclearWeaponStates.Rd:151-161: Lost braces in \itemize; meant \describe ?
checkRd: (-1) nuclearWeaponStates.Rd:162-172: Lost braces in \itemize; meant \describe ?
checkRd: (-1) nuclearWeaponStates.Rd:173-191: Lost braces in \itemize; meant \describe ?
checkRd: (-1) nuclearWeaponStates.Rd:192-219: Lost braces in \itemize; meant \describe ?
Flavors: r-devel-linux-x86_64-debian-clang, r-devel-linux-x86_64-debian-gcc, r-devel-linux-x86_64-fedora-clang, r-devel-linux-x86_64-fedora-gcc, r-devel-windows-x86_64, r-patched-linux-x86_64, r-release-linux-x86_64, r-release-macos-arm64, r-release-windows-x86_64
These binaries (installable software) and packages are in development.
They may not be fully stable and should be used with caution. We make no claims about them.
Health stats visible at Monitor.