Last updated on 2025-11-19 13:50:05 CET.
| Flavor | Version | Tinstall | Tcheck | Ttotal | Status | Flags |
|---|---|---|---|---|---|---|
| r-devel-linux-x86_64-debian-clang | 1.1.1 | 4.69 | 53.92 | 58.61 | ERROR | |
| r-devel-linux-x86_64-debian-gcc | 1.1.1 | 3.20 | 37.85 | 41.05 | ERROR | |
| r-devel-linux-x86_64-fedora-clang | 1.1.1 | 19.00 | 73.54 | 92.54 | ERROR | |
| r-devel-linux-x86_64-fedora-gcc | 1.1.1 | 19.00 | 70.77 | 89.77 | ERROR | |
| r-devel-windows-x86_64 | 1.1.1 | 6.00 | 72.00 | 78.00 | OK | |
| r-patched-linux-x86_64 | 1.1.1 | 5.47 | 49.60 | 55.07 | OK | |
| r-release-linux-x86_64 | 1.1.1 | 4.71 | 49.02 | 53.73 | ERROR | |
| r-release-macos-arm64 | 1.1.1 | OK | ||||
| r-release-macos-x86_64 | 1.1.1 | 7.00 | 64.00 | 71.00 | OK | |
| r-release-windows-x86_64 | 1.1.1 | 6.00 | 72.00 | 78.00 | OK | |
| r-oldrel-macos-arm64 | 1.1.1 | OK | ||||
| r-oldrel-macos-x86_64 | 1.1.1 | 6.00 | 59.00 | 65.00 | OK | |
| r-oldrel-windows-x86_64 | 1.1.1 | 6.00 | 85.00 | 91.00 | OK |
Version: 1.1.1
Check: CRAN incoming feasibility
Result: NOTE
Maintainer: ‘Frank Dondelinger <fdondelinger.work@gmail.com>’
No Authors@R field in DESCRIPTION.
Please add one, modifying
Authors@R: c(person(given = "Frank",
family = "Dondelinger",
role = c("aut", "cre"),
email = "fdondelinger.work@gmail.com"),
person(given = "Sophie",
family = "Lebre",
role = "aut"))
as necessary.
Flavors: r-devel-linux-x86_64-debian-clang, r-devel-linux-x86_64-debian-gcc
Version: 1.1.1
Check: tests
Result: ERROR
Running ‘test-all.R’ [6s/9s]
Running the tests in ‘tests/test-all.R’ failed.
Complete output:
> library(testthat)
> test_check("EDISON")
Loading required package: EDISON
Loading required package: corpcor
Loading required package: MASS
[1] "Initialisation successful."
[1] "Starting tvDBN iterations..."
5 % 10 % 15 % 20 % 25 % 30 % 35 % 40 % 45 % 50 % 55 % 60 % 65 % 70 % 75 % 80 % 85 % 90 % 95 % 100 % [1] ""
[1] "End of iterations"
[1] "Initialisation successful."
[1] "Starting tvDBN iterations..."
5 % 10 % 15 % 20 % 25 % 30 % 35 % 40 % 45 % 50 % 55 % 60 % 65 % 70 % 75 % 80 % 85 % 90 % 95 % 100 % [1] ""
[1] "End of iterations"
Saving _problems/test-structure-moves-329.R
Saving _problems/test-structure-moves-333.R
Saving _problems/test-structure-moves-337.R
[ FAIL 3 | WARN 0 | SKIP 0 | PASS 17 ]
══ Failed tests ════════════════════════════════════════════════════════════════
── Error ('test-structure-moves.r:328:1'): network info the same before and after ──
Error in `is_true()`: could not find function "is_true"
Backtrace:
▆
1. └─testthat::expect_that(updateCorrectly(), is_true())
── Error ('test-structure-moves.r:332:1'): rejected moves make no change ───────
Error in `is_true()`: could not find function "is_true"
Backtrace:
▆
1. └─testthat::expect_that(noChangeOnReject(), is_true())
── Error ('test-structure-moves.r:336:1'): output not null ─────────────────────
Error in `is_false()`: could not find function "is_false"
Backtrace:
▆
1. └─testthat::expect_that(...)
[ FAIL 3 | WARN 0 | SKIP 0 | PASS 17 ]
Error:
! Test failures.
Execution halted
Flavor: r-devel-linux-x86_64-debian-clang
Version: 1.1.1
Check: tests
Result: ERROR
Running ‘test-all.R’ [4s/5s]
Running the tests in ‘tests/test-all.R’ failed.
Complete output:
> library(testthat)
> test_check("EDISON")
Loading required package: EDISON
Loading required package: corpcor
Loading required package: MASS
[1] "Initialisation successful."
[1] "Starting tvDBN iterations..."
5 % 10 % 15 % 20 % 25 % 30 % 35 % 40 % 45 % 50 % 55 % 60 % 65 % 70 % 75 % 80 % 85 % 90 % 95 % 100 % [1] ""
[1] "End of iterations"
[1] "Initialisation successful."
[1] "Starting tvDBN iterations..."
5 % 10 % 15 % 20 % 25 % 30 % 35 % 40 % 45 % 50 % 55 % 60 % 65 % 70 % 75 % 80 % 85 % 90 % 95 % 100 % [1] ""
[1] "End of iterations"
Saving _problems/test-structure-moves-329.R
Saving _problems/test-structure-moves-333.R
Saving _problems/test-structure-moves-337.R
[ FAIL 3 | WARN 0 | SKIP 0 | PASS 17 ]
══ Failed tests ════════════════════════════════════════════════════════════════
── Error ('test-structure-moves.r:328:1'): network info the same before and after ──
Error in `is_true()`: could not find function "is_true"
Backtrace:
▆
1. └─testthat::expect_that(updateCorrectly(), is_true())
── Error ('test-structure-moves.r:332:1'): rejected moves make no change ───────
Error in `is_true()`: could not find function "is_true"
Backtrace:
▆
1. └─testthat::expect_that(noChangeOnReject(), is_true())
── Error ('test-structure-moves.r:336:1'): output not null ─────────────────────
Error in `is_false()`: could not find function "is_false"
Backtrace:
▆
1. └─testthat::expect_that(...)
[ FAIL 3 | WARN 0 | SKIP 0 | PASS 17 ]
Error:
! Test failures.
Execution halted
Flavor: r-devel-linux-x86_64-debian-gcc
Version: 1.1.1
Check: tests
Result: ERROR
Running ‘test-all.R’ [9s/19s]
Running the tests in ‘tests/test-all.R’ failed.
Complete output:
> library(testthat)
> test_check("EDISON")
Loading required package: EDISON
Loading required package: corpcor
Loading required package: MASS
[1] "Initialisation successful."
[1] "Starting tvDBN iterations..."
5 % 10 % 15 % 20 % 25 % 30 % 35 % 40 % 45 % 50 % 55 % 60 % 65 % 70 % 75 % 80 % 85 % 90 % 95 % 100 % [1] ""
[1] "End of iterations"
[1] "Initialisation successful."
[1] "Starting tvDBN iterations..."
5 % 10 % 15 % 20 % 25 % 30 % 35 % 40 % 45 % 50 % 55 % 60 % 65 % 70 % 75 % 80 % 85 % 90 % 95 % 100 % [1] ""
[1] "End of iterations"
Saving _problems/test-structure-moves-329.R
Saving _problems/test-structure-moves-333.R
Saving _problems/test-structure-moves-337.R
[ FAIL 3 | WARN 0 | SKIP 0 | PASS 17 ]
══ Failed tests ════════════════════════════════════════════════════════════════
── Error ('test-structure-moves.r:328:1'): network info the same before and after ──
Error in `is_true()`: could not find function "is_true"
Backtrace:
▆
1. └─testthat::expect_that(updateCorrectly(), is_true())
── Error ('test-structure-moves.r:332:1'): rejected moves make no change ───────
Error in `is_true()`: could not find function "is_true"
Backtrace:
▆
1. └─testthat::expect_that(noChangeOnReject(), is_true())
── Error ('test-structure-moves.r:336:1'): output not null ─────────────────────
Error in `is_false()`: could not find function "is_false"
Backtrace:
▆
1. └─testthat::expect_that(...)
[ FAIL 3 | WARN 0 | SKIP 0 | PASS 17 ]
Error:
! Test failures.
Execution halted
Flavor: r-devel-linux-x86_64-fedora-clang
Version: 1.1.1
Check: tests
Result: ERROR
Running ‘test-all.R’ [10s/25s]
Running the tests in ‘tests/test-all.R’ failed.
Complete output:
> library(testthat)
> test_check("EDISON")
Loading required package: EDISON
Loading required package: corpcor
Loading required package: MASS
[1] "Initialisation successful."
[1] "Starting tvDBN iterations..."
5 % 10 % 15 % 20 % 25 % 30 % 35 % 40 % 45 % 50 % 55 % 60 % 65 % 70 % 75 % 80 % 85 % 90 % 95 % 100 % [1] ""
[1] "End of iterations"
[1] "Initialisation successful."
[1] "Starting tvDBN iterations..."
5 % 10 % 15 % 20 % 25 % 30 % 35 % 40 % 45 % 50 % 55 % 60 % 65 % 70 % 75 % 80 % 85 % 90 % 95 % 100 % [1] ""
[1] "End of iterations"
Saving _problems/test-structure-moves-329.R
Saving _problems/test-structure-moves-333.R
Saving _problems/test-structure-moves-337.R
[ FAIL 3 | WARN 0 | SKIP 0 | PASS 17 ]
══ Failed tests ════════════════════════════════════════════════════════════════
── Error ('test-structure-moves.r:328:1'): network info the same before and after ──
Error in `is_true()`: could not find function "is_true"
Backtrace:
▆
1. └─testthat::expect_that(updateCorrectly(), is_true())
── Error ('test-structure-moves.r:332:1'): rejected moves make no change ───────
Error in `is_true()`: could not find function "is_true"
Backtrace:
▆
1. └─testthat::expect_that(noChangeOnReject(), is_true())
── Error ('test-structure-moves.r:336:1'): output not null ─────────────────────
Error in `is_false()`: could not find function "is_false"
Backtrace:
▆
1. └─testthat::expect_that(...)
[ FAIL 3 | WARN 0 | SKIP 0 | PASS 17 ]
Error:
! Test failures.
Execution halted
Flavor: r-devel-linux-x86_64-fedora-gcc
Version: 1.1.1
Check: tests
Result: ERROR
Running ‘test-all.R’ [6s/8s]
Running the tests in ‘tests/test-all.R’ failed.
Complete output:
> library(testthat)
> test_check("EDISON")
Loading required package: EDISON
Loading required package: corpcor
Loading required package: MASS
[1] "Initialisation successful."
[1] "Starting tvDBN iterations..."
5 % 10 % 15 % 20 % 25 % 30 % 35 % 40 % 45 % 50 % 55 % 60 % 65 % 70 % 75 % 80 % 85 % 90 % 95 % 100 % [1] ""
[1] "End of iterations"
[1] "Initialisation successful."
[1] "Starting tvDBN iterations..."
5 % 10 % 15 % 20 % 25 % 30 % 35 % 40 % 45 % 50 % 55 % 60 % 65 % 70 % 75 % 80 % 85 % 90 % 95 % 100 % [1] ""
[1] "End of iterations"
Saving _problems/test-structure-moves-329.R
Saving _problems/test-structure-moves-333.R
Saving _problems/test-structure-moves-337.R
[ FAIL 3 | WARN 0 | SKIP 0 | PASS 17 ]
══ Failed tests ════════════════════════════════════════════════════════════════
── Error ('test-structure-moves.r:328:1'): network info the same before and after ──
Error in `is_true()`: could not find function "is_true"
Backtrace:
▆
1. └─testthat::expect_that(updateCorrectly(), is_true())
── Error ('test-structure-moves.r:332:1'): rejected moves make no change ───────
Error in `is_true()`: could not find function "is_true"
Backtrace:
▆
1. └─testthat::expect_that(noChangeOnReject(), is_true())
── Error ('test-structure-moves.r:336:1'): output not null ─────────────────────
Error in `is_false()`: could not find function "is_false"
Backtrace:
▆
1. └─testthat::expect_that(...)
[ FAIL 3 | WARN 0 | SKIP 0 | PASS 17 ]
Error:
! Test failures.
Execution halted
Flavor: r-release-linux-x86_64
These binaries (installable software) and packages are in development.
They may not be fully stable and should be used with caution. We make no claims about them.
Health stats visible at Monitor.