Last updated on 2025-11-20 03:50:01 CET.
| Flavor | Version | Tinstall | Tcheck | Ttotal | Status | Flags |
|---|---|---|---|---|---|---|
| r-devel-linux-x86_64-debian-clang | 2.3-1 | 151.03 | 92.88 | 243.91 | OK | |
| r-devel-linux-x86_64-debian-gcc | 2.3-1 | 109.45 | 69.25 | 178.70 | OK | |
| r-devel-linux-x86_64-fedora-clang | 2.3-1 | 209.00 | 214.24 | 423.24 | OK | |
| r-devel-linux-x86_64-fedora-gcc | 2.3-1 | 79.00 | 374.88 | 453.88 | OK | |
| r-devel-windows-x86_64 | 2.3-0 | 185.00 | 125.00 | 310.00 | OK | |
| r-patched-linux-x86_64 | 2.3-1 | 156.97 | 88.07 | 245.04 | OK | |
| r-release-linux-x86_64 | 2.3-0 | 163.05 | 87.43 | 250.48 | OK | |
| r-release-macos-arm64 | 2.3-0 | 59.00 | -19.00 | 40.00 | OK | |
| r-release-macos-x86_64 | 2.3-1 | 68.00 | 92.00 | 160.00 | OK | |
| r-release-windows-x86_64 | 2.3-0 | 170.00 | 124.00 | 294.00 | OK | |
| r-oldrel-macos-arm64 | 2.3-1 | 1.00 | 9.00 | 10.00 | ERROR | |
| r-oldrel-macos-x86_64 | 2.3-1 | 100.00 | 118.00 | 218.00 | NOTE | |
| r-oldrel-windows-x86_64 | 2.3-0 | 202.00 | 161.00 | 363.00 | NOTE |
Version: 2.3-1
Check: whether package can be installed
Result: ERROR
Installation failed.
Flavor: r-oldrel-macos-arm64
Version: 2.3-1
Check: installed package size
Result: NOTE
installed size is 18.9Mb
sub-directories of 1Mb or more:
data 1.5Mb
doc 1.5Mb
libs 14.9Mb
Flavor: r-oldrel-macos-x86_64
Version: 2.3-0
Check: installed package size
Result: NOTE
installed size is 6.2Mb
sub-directories of 1Mb or more:
data 1.5Mb
doc 1.5Mb
libs 2.3Mb
Flavor: r-oldrel-windows-x86_64
These binaries (installable software) and packages are in development.
They may not be fully stable and should be used with caution. We make no claims about them.
Health stats visible at Monitor.